2011 2012 2013

NOAA style reports

NOAA-style Climate Reports

Select a Year or Month report
V/Λ2017 > Jan Feb Mar Apr May Jun Jul Aug Sep Oct Nov Dec
V/Λ2016 > Jan Feb Mar Apr May Jun Jul Aug Sep Oct Nov Dec
V/Λ2015 > Jan Feb Mar Apr May Jun Jul Aug Sep Oct Nov Dec
V/Λ2014 > Jan Feb Mar Apr May Jun Jul Aug Sep Oct Nov Dec
V/Λ2013 > Jan Feb Mar Apr May Jun Jul Aug Sep Oct Nov Dec
V/Λ2012 > Jan Feb Mar Apr May Jun Jul Aug Sep Oct Nov Dec
V/Λ2011 > Jan Feb Mar Apr May Jun Jul Aug Sep Oct Nov Dec
V/Λ2010 > Jan Feb Mar Apr May Jun Jul Aug Sep Oct Nov Dec
V/Λ2009 > Jan Feb Mar Apr May Jun Jul Aug Sep Oct Nov Dec
V/Λ2008 > Jan Feb Mar Apr May Jun Jul Aug Sep Oct Nov Dec
V/Λ2007 > Jan Feb Mar Apr May Jun Jul Aug Sep Oct Nov Dec
V/Λ2006 > Jan Feb Mar Apr May Jun Jul Aug Sep Oct Nov Dec
V/Λ2005 > Jan Feb Mar Apr May Jun Jul Aug Sep Oct Nov Dec
V/Λ2004 > Jan Feb Mar Apr May Jun Jul Aug Sep Oct Nov Dec
V/Λ2003 > Jan Feb Mar Apr May Jun Jul Aug Sep Oct Nov Dec
V/Λ2002 > Jan Feb Mar Apr May Jun Jul Aug Sep Oct Nov Dec
V/Λ2001 > Jan Feb Mar Apr May Jun Jul Aug Sep Oct Nov Dec
V/Λ2000 > Jan Feb Mar Apr May Jun Jul Aug Sep Oct Nov Dec
V/Λ1999 > Jan Feb Mar Apr May Jun Jul Aug Sep Oct Nov Dec
V/Λ1998 > Jan Feb Mar Apr May Jun Jul Aug Sep Oct Nov Dec
V/Λ1997 > Jan Feb Mar Apr May Jun Jul Aug Sep Oct Nov Dec
V/Λ1996 > Jan Feb Mar Apr May Jun Jul Aug Sep Oct Nov Dec
V/Λ1995 > Jan Feb Mar Apr May Jun Jul Aug Sep Oct Nov Dec
V/Λ1994 > Jan Feb Mar Apr May Jun Jul Aug Sep Oct Nov Dec
V/Λ1993 > Jan Feb Mar Apr May Jun Jul Aug Sep Oct Nov Dec
V/Λ1992 > Jan Feb Mar Apr May Jun Jul Aug Sep Oct Nov Dec
V/Λ1991 > Jan Feb Mar Apr May Jun Jul Aug Sep Oct Nov Dec
V/Λ1990 > Jan Feb Mar Apr May Jun Jul Aug Sep Oct Nov Dec
V/Λ1989 > Jan Feb Mar Apr May Jun Jul Aug Sep Oct Nov Dec
V/Λ1988 > Jan Feb Mar Apr May Jun Jul Aug Sep Oct Nov Dec
V/Λ1987 > Jan Feb Mar Apr May Jun Jul Aug Sep Oct Nov Dec
V/Λ1986 > Jan Feb Mar Apr May Jun Jul Aug Sep Oct Nov Dec
V/Λ1985 > Jan Feb Mar Apr May Jun Jul Aug Sep Oct Nov Dec
V/Λ1984 > Jan Feb Mar Apr May Jun Jul Aug Sep Oct Nov Dec
V/Λ1983 > Jan Feb Mar Apr May Jun Jul Aug Sep Oct Nov Dec
V/Λ1982 > Jan Feb Mar Apr May Jun Jul Aug Sep Oct Nov Dec
V/Λ1981 > Jan Feb Mar Apr May Jun Jul Aug Sep Oct Nov Dec
V/Λ1980 > Jan Feb Mar Apr May Jun Jul Aug Sep Oct Nov Dec

Report for 2015 Dec
                   Monthly Climatological Summary for Dec 2015

Name: www.anoliosia.meteoclub .gr   City: Ano Liosia   State: Attiki
Elevation: 160 m  Lat: N 38 08' 03"   Lon: E 024 12' 58"

                  Temperature (C), Rain (mm), Wind Speed (km/h)

                                      Heat  Cool        Avg
    Mean                              Deg   Deg         Wind                 Dom
Day Temp  High   Time   Low    Time   Days  Days  Rain  Speed High   Time    Dir
----------------------------------------------------------------------------------
 1  11.3  18.1   13:50   6.4   01:58   7.0   0.0   0.0   2.4  21.0   15:33   WNW
 2  13.1  19.6   13:57   8.4   04:21   5.3   0.1   0.0   3.1  34.0   17:25    NW
 3  13.5  17.8   14:24  10.1   23:54   4.8   0.0   0.0   4.1  24.0   01:22    NW
 4  11.4  15.9   13:48   7.7   23:45   6.8   0.0   0.0   4.8  23.0   16:07   ENE
 5   9.6  14.9   12:29   6.1   05:18   8.7   0.0   0.0   2.4  26.0   15:05     N
 6  10.2  17.2   14:23   5.5   05:39   8.1   0.0   0.0   1.6  13.0   21:10    NW
 7  10.3  17.6   14:46   5.4   07:44   8.0   0.0   6.0   1.4  10.0   19:14   WNW
 8  10.6  17.0   14:03   5.8   06:47   7.7   0.0   0.0   2.8  24.0   13:33   NNW
 9  10.6  15.2   13:10   7.6   02:02   7.7   0.0   0.0   4.2  33.0   12:26     N
10  10.6  14.9   21:01   8.7   00:38   7.7   0.0   0.0   2.9  22.0   22:31    NE
11   9.1  13.6   00:01   6.9   23:48   9.3   0.0   0.6   5.0  27.0   12:58   NNW
12   6.8   8.0   16:23   3.9   23:57  11.5   0.0   0.9   4.8  37.0   09:15   WNW
13   8.0  16.0   14:26   2.8   05:55  10.3   0.0   0.0   1.8  16.0   23:26   NNW
14   9.7  16.3   14:27   5.6   07:59   8.6   0.0   0.0   3.0  15.0   03:29   NNW
15   9.1  14.4   15:08   5.7   05:08   9.2   0.0   0.0   1.5  26.0   15:11     N
16   8.5  11.7   11:54   5.3   06:23   9.8   0.0   0.0   3.2  23.0   17:04   ENE
17   9.8  10.9   11:41   8.0   05:37   8.5   0.0   0.0  11.5  45.0   11:36   NNE
18   9.4  11.7   13:55   8.1   07:25   8.8   0.0   0.0  10.5  36.0   16:13   NNE
19   9.6  11.6   06:30   8.3   23:30   8.7   0.0   0.0  10.1  18.0   00:00    NE
20  10.1  14.7   14:04   5.5   23:45   8.2   0.0   0.0   2.1  28.0   03:00   NNE
21   8.7  16.1   15:13   3.9   06:38   9.6   0.0   0.0   2.0  12.0   17:51   WNW
22   9.7  17.6   14:48   4.3   07:22   8.6   0.0   0.0   1.9  18.0   15:27    NW
23  11.3  19.4   14:11   6.0   06:37   7.1   0.1   0.0   2.0  12.0   14:34   WNW
24  12.6  20.0   14:57   8.1   07:50   5.8   0.2   0.0   2.6  15.0   21:53   WNW
25  11.5  18.0   14:40   7.0   07:52   6.8   0.0   0.0   1.7  12.0   04:15    NW
26  10.3  14.7   11:06   7.3   07:04   8.0   0.0   0.0   4.4  34.0   11:37    NE
27   7.4   8.7   00:06   6.5   05:37  10.9   0.0   0.0   1.1  12.0   00:32   NNE
28   7.4   7.4   00:00   7.4   00:00  10.9   0.0   0.0   1.0   1.0   00:00   NNE
29   7.4   7.4   00:00   7.4   00:00  10.9   0.0   0.0   1.0   1.0   00:00   NNE
30   6.5   8.3   13:16   3.0   23:58  12.0   0.0   0.0  11.1  55.0   18:57    NE
31   1.2   3.0   00:00  -0.4   20:23  17.1   0.0   0.0  10.4  43.0   03:42   ENE
----------------------------------------------------------------------------------
     9.5  20.0    24    -0.4    31   272.4   0.4   7.5   3.6  55.0    30       N

Max >=  27.0:  0
Max <=   0.0:  0
Min <=   0.0:  1
Min <= -18.0:  0
Max Rain: 6.0 on day 7
Days of Rain: 3 (>= 0.2 mm)  1 (>= 2.0 mm)  0 (>= 20.0 mm)
Heat Base: 18.3  Cool Base: 18.3  Method: Integration