2011 2012 2013

NOAA style reports

NOAA-style Climate Reports

Select a Year or Month report
V/Λ2017 > Jan Feb Mar Apr May Jun Jul Aug Sep Oct Nov Dec
V/Λ2016 > Jan Feb Mar Apr May Jun Jul Aug Sep Oct Nov Dec
V/Λ2015 > Jan Feb Mar Apr May Jun Jul Aug Sep Oct Nov Dec
V/Λ2014 > Jan Feb Mar Apr May Jun Jul Aug Sep Oct Nov Dec
V/Λ2013 > Jan Feb Mar Apr May Jun Jul Aug Sep Oct Nov Dec
V/Λ2012 > Jan Feb Mar Apr May Jun Jul Aug Sep Oct Nov Dec
V/Λ2011 > Jan Feb Mar Apr May Jun Jul Aug Sep Oct Nov Dec
V/Λ2010 > Jan Feb Mar Apr May Jun Jul Aug Sep Oct Nov Dec
V/Λ2009 > Jan Feb Mar Apr May Jun Jul Aug Sep Oct Nov Dec
V/Λ2008 > Jan Feb Mar Apr May Jun Jul Aug Sep Oct Nov Dec
V/Λ2007 > Jan Feb Mar Apr May Jun Jul Aug Sep Oct Nov Dec
V/Λ2006 > Jan Feb Mar Apr May Jun Jul Aug Sep Oct Nov Dec
V/Λ2005 > Jan Feb Mar Apr May Jun Jul Aug Sep Oct Nov Dec
V/Λ2004 > Jan Feb Mar Apr May Jun Jul Aug Sep Oct Nov Dec
V/Λ2003 > Jan Feb Mar Apr May Jun Jul Aug Sep Oct Nov Dec
V/Λ2002 > Jan Feb Mar Apr May Jun Jul Aug Sep Oct Nov Dec
V/Λ2001 > Jan Feb Mar Apr May Jun Jul Aug Sep Oct Nov Dec
V/Λ2000 > Jan Feb Mar Apr May Jun Jul Aug Sep Oct Nov Dec
V/Λ1999 > Jan Feb Mar Apr May Jun Jul Aug Sep Oct Nov Dec
V/Λ1998 > Jan Feb Mar Apr May Jun Jul Aug Sep Oct Nov Dec
V/Λ1997 > Jan Feb Mar Apr May Jun Jul Aug Sep Oct Nov Dec
V/Λ1996 > Jan Feb Mar Apr May Jun Jul Aug Sep Oct Nov Dec
V/Λ1995 > Jan Feb Mar Apr May Jun Jul Aug Sep Oct Nov Dec
V/Λ1994 > Jan Feb Mar Apr May Jun Jul Aug Sep Oct Nov Dec
V/Λ1993 > Jan Feb Mar Apr May Jun Jul Aug Sep Oct Nov Dec
V/Λ1992 > Jan Feb Mar Apr May Jun Jul Aug Sep Oct Nov Dec
V/Λ1991 > Jan Feb Mar Apr May Jun Jul Aug Sep Oct Nov Dec
V/Λ1990 > Jan Feb Mar Apr May Jun Jul Aug Sep Oct Nov Dec
V/Λ1989 > Jan Feb Mar Apr May Jun Jul Aug Sep Oct Nov Dec
V/Λ1988 > Jan Feb Mar Apr May Jun Jul Aug Sep Oct Nov Dec
V/Λ1987 > Jan Feb Mar Apr May Jun Jul Aug Sep Oct Nov Dec
V/Λ1986 > Jan Feb Mar Apr May Jun Jul Aug Sep Oct Nov Dec
V/Λ1985 > Jan Feb Mar Apr May Jun Jul Aug Sep Oct Nov Dec
V/Λ1984 > Jan Feb Mar Apr May Jun Jul Aug Sep Oct Nov Dec
V/Λ1983 > Jan Feb Mar Apr May Jun Jul Aug Sep Oct Nov Dec
V/Λ1982 > Jan Feb Mar Apr May Jun Jul Aug Sep Oct Nov Dec
V/Λ1981 > Jan Feb Mar Apr May Jun Jul Aug Sep Oct Nov Dec
V/Λ1980 > Jan Feb Mar Apr May Jun Jul Aug Sep Oct Nov Dec

Report for 2015 Oct
                   Monthly Climatological Summary for Oct 2015

Name: www.anoliosia.meteoclub .gr   City: Ano Liosia   State: Attiki
Elevation: 160 m  Lat: N 38 08' 03"   Lon: E 024 12' 58"

                  Temperature (C), Rain (mm), Wind Speed (km/h)

                                      Heat  Cool        Avg
    Mean                              Deg   Deg         Wind                 Dom
Day Temp  High   Time   Low    Time   Days  Days  Rain  Speed High   Time    Dir
----------------------------------------------------------------------------------
 1  17.6  21.4   16:09  14.8   07:17   1.4   0.8   0.0   5.6  34.0   16:52   NNE
 2  17.6  22.0   15:06  13.7   07:36   1.6   0.9   0.0   5.3  31.0   11:09   NNE
 3  18.0  24.9   13:41  13.2   07:21   1.9   1.6   0.0   3.0  21.0   14:48    NW
 4  19.7  28.2   15:13  13.5   07:39   1.4   2.8   0.0   2.1  17.0   00:44     W
 5  20.8  27.8   13:54  16.3   06:51   0.5   3.0   0.0   1.5  17.0   15:54   SSW
 6  21.6  27.7   15:30  17.0   06:13   0.2   3.4   0.0   3.1  24.0   11:38    NW
 7  21.4  28.5   14:55  16.7   06:24   0.2   3.3   0.9   2.1  19.0   18:55    SW
 8  20.3  25.4   15:50  17.2   23:53   0.2   2.1   0.0   2.2  18.0   15:58   ENE
 9  19.7  25.7   14:43  16.1   07:20   0.6   2.0   0.0   1.9  17.0   17:21     E
10  17.3  18.5   23:33  16.7   03:24   1.0   0.0   4.2   1.7  16.0   18:37   NNW
11  20.7  25.1   12:44  18.0   23:27   0.0   2.4  13.8   3.1  32.0   13:09   WNW
12  20.7  26.9   15:07  16.9   04:01   0.3   2.7   0.0   4.7  32.0   13:23     W
13  19.7  26.8   13:44  15.1   07:47   0.8   2.2   0.0   2.4  21.0   18:43    NE
14  18.0  23.4   13:50  14.4   05:28   1.6   1.4   0.0   3.7  23.0   11:02   ENE
15  17.7  26.0   15:08  12.5   06:52   2.4   1.8   0.0   2.2  18.0   17:50   SSW
16  16.5  20.7   16:03  13.0   07:56   2.3   0.5   0.0   1.4  19.0   10:00   ENE
17  18.0  26.0   15:01  12.6   05:54   2.2   1.8   0.0   1.6  13.0   13:28     E
18  18.9  25.2   15:11  14.8   07:59   1.0   1.6   0.0   2.8  21.0   17:35     E
19  20.1  25.3   14:41  17.3   06:08   0.3   2.1   0.0   1.7  18.0   15:53   SSE
20  20.4  25.7   14:18  16.8   04:37   0.3   2.4   0.0   1.0  16.0   15:05   WNW
21  18.4  19.5   19:35  17.8   03:23   0.1   0.1   0.0   6.6  23.0   20:07   ENE
22  18.3  21.2   17:06  16.7   11:14   0.5   0.5 112.8   3.7  36.0   10:38    NE
23  15.9  17.6   00:53  13.9   22:49   2.1   0.0  13.8   6.6  59.0   16:59     N
24  14.0  15.5   14:30  12.5   06:14   4.3   0.0   3.3   6.7  45.0   17:02     N
25  14.4  17.9   14:00  11.9   22:30   4.1   0.0   0.0   7.3  37.0   00:17   NNE
26  14.7  20.7   14:58  10.0   06:27   3.8   0.2   0.0   4.4  36.0   07:33     N
27  14.7  19.8   12:52  10.3   05:33   3.8   0.2   0.0   5.6  34.0   13:29     N
28  13.9  17.0   11:41  11.0   22:34   4.4   0.0   0.0   5.1  31.0   15:54   NNE
29  13.4  16.5   14:30  10.8   03:29   4.9   0.0   0.0   5.5  38.0   15:36     N
30  14.6  16.7   13:29  11.7   05:17   3.7   0.0   0.0   8.1  49.0   23:27    NE
31  14.3  16.7   12:33  12.9   23:40   4.0   0.0   0.0  10.7  48.0   21:49   ENE
----------------------------------------------------------------------------------
    17.8  28.5     7    10.0    26    55.9  39.8 148.8   4.0  59.0    23     NNE

Max >=  27.0:  4
Max <=   0.0:  0
Min <=   0.0:  0
Min <= -18.0:  0
Max Rain: 112.8 on day 22
Days of Rain: 6 (>= 0.2 mm)  5 (>= 2.0 mm)  1 (>= 20.0 mm)
Heat Base: 18.3  Cool Base: 18.3  Method: Integration