2011 2012 2013

NOAA style reports

NOAA-style Climate Reports

Select a Year or Month report
V/Λ2017 > Jan Feb Mar Apr May Jun Jul Aug Sep Oct Nov Dec
V/Λ2016 > Jan Feb Mar Apr May Jun Jul Aug Sep Oct Nov Dec
V/Λ2015 > Jan Feb Mar Apr May Jun Jul Aug Sep Oct Nov Dec
V/Λ2014 > Jan Feb Mar Apr May Jun Jul Aug Sep Oct Nov Dec
V/Λ2013 > Jan Feb Mar Apr May Jun Jul Aug Sep Oct Nov Dec
V/Λ2012 > Jan Feb Mar Apr May Jun Jul Aug Sep Oct Nov Dec
V/Λ2011 > Jan Feb Mar Apr May Jun Jul Aug Sep Oct Nov Dec
V/Λ2010 > Jan Feb Mar Apr May Jun Jul Aug Sep Oct Nov Dec
V/Λ2009 > Jan Feb Mar Apr May Jun Jul Aug Sep Oct Nov Dec
V/Λ2008 > Jan Feb Mar Apr May Jun Jul Aug Sep Oct Nov Dec
V/Λ2007 > Jan Feb Mar Apr May Jun Jul Aug Sep Oct Nov Dec
V/Λ2006 > Jan Feb Mar Apr May Jun Jul Aug Sep Oct Nov Dec
V/Λ2005 > Jan Feb Mar Apr May Jun Jul Aug Sep Oct Nov Dec
V/Λ2004 > Jan Feb Mar Apr May Jun Jul Aug Sep Oct Nov Dec
V/Λ2003 > Jan Feb Mar Apr May Jun Jul Aug Sep Oct Nov Dec
V/Λ2002 > Jan Feb Mar Apr May Jun Jul Aug Sep Oct Nov Dec
V/Λ2001 > Jan Feb Mar Apr May Jun Jul Aug Sep Oct Nov Dec
V/Λ2000 > Jan Feb Mar Apr May Jun Jul Aug Sep Oct Nov Dec
V/Λ1999 > Jan Feb Mar Apr May Jun Jul Aug Sep Oct Nov Dec
V/Λ1998 > Jan Feb Mar Apr May Jun Jul Aug Sep Oct Nov Dec
V/Λ1997 > Jan Feb Mar Apr May Jun Jul Aug Sep Oct Nov Dec
V/Λ1996 > Jan Feb Mar Apr May Jun Jul Aug Sep Oct Nov Dec
V/Λ1995 > Jan Feb Mar Apr May Jun Jul Aug Sep Oct Nov Dec
V/Λ1994 > Jan Feb Mar Apr May Jun Jul Aug Sep Oct Nov Dec
V/Λ1993 > Jan Feb Mar Apr May Jun Jul Aug Sep Oct Nov Dec
V/Λ1992 > Jan Feb Mar Apr May Jun Jul Aug Sep Oct Nov Dec
V/Λ1991 > Jan Feb Mar Apr May Jun Jul Aug Sep Oct Nov Dec
V/Λ1990 > Jan Feb Mar Apr May Jun Jul Aug Sep Oct Nov Dec
V/Λ1989 > Jan Feb Mar Apr May Jun Jul Aug Sep Oct Nov Dec
V/Λ1988 > Jan Feb Mar Apr May Jun Jul Aug Sep Oct Nov Dec
V/Λ1987 > Jan Feb Mar Apr May Jun Jul Aug Sep Oct Nov Dec
V/Λ1986 > Jan Feb Mar Apr May Jun Jul Aug Sep Oct Nov Dec
V/Λ1985 > Jan Feb Mar Apr May Jun Jul Aug Sep Oct Nov Dec
V/Λ1984 > Jan Feb Mar Apr May Jun Jul Aug Sep Oct Nov Dec
V/Λ1983 > Jan Feb Mar Apr May Jun Jul Aug Sep Oct Nov Dec
V/Λ1982 > Jan Feb Mar Apr May Jun Jul Aug Sep Oct Nov Dec
V/Λ1981 > Jan Feb Mar Apr May Jun Jul Aug Sep Oct Nov Dec
V/Λ1980 > Jan Feb Mar Apr May Jun Jul Aug Sep Oct Nov Dec

Report for 2015 Sep
                   Monthly Climatological Summary for Sep 2015

Name: www.anoliosia.meteoclub .gr   City: Ano Liosia   State: Attiki
Elevation: 160 m  Lat: N 38 08' 03"   Lon: E 024 12' 58"

                  Temperature (C), Rain (mm), Wind Speed (km/h)

                                      Heat  Cool        Avg
    Mean                              Deg   Deg         Wind                 Dom
Day Temp  High   Time   Low    Time   Days  Days  Rain  Speed High   Time    Dir
----------------------------------------------------------------------------------
 1  28.0  36.3   15:56  22.3   06:25   0.0   9.8   0.0   3.3  23.0   13:09   WNW
 2  26.5  33.6   14:42  20.4   06:32   0.0   8.2   0.0   3.3  18.0   16:38    SW
 3  27.4  34.7   15:47  20.7   06:52   0.0   9.1   0.0   2.5  17.0   12:38   SSW
 4  28.8  37.3   15:52  21.2   07:15   0.0  10.5   0.0   2.4  17.0   13:51   WSW
 5  29.8  37.8   15:11  23.6   06:03   0.0  11.5   0.0   2.5  19.0   13:31   WSW
 7  30.8  40.2   16:27  23.4   06:40   0.0  16.7   0.0   4.2  38.0   17:35     W
 8  26.6  27.9   19:24  22.5   23:25   0.0   8.6   0.0   3.1  30.0   20:59     E
 9  24.2  30.7   13:55  20.7   05:25   0.0   5.9   0.0   5.9  31.0   10:56   ENE
10  25.7  32.0   14:35  20.4   07:14   0.0   7.4   0.0   3.8  28.0   00:03   SSE
11  26.4  29.2   11:13  21.3   07:01   0.0   8.1   0.0   4.8  16.0   10:54     W
12  29.2  29.2   00:00  29.2   00:00   0.0  10.9   0.0   6.0  11.0   00:00   WSW
13  24.1  29.2   00:00  20.3   23:52   0.0   5.9   0.0   4.4  28.0   18:13   WNW
14  23.9  29.8   16:31  19.4   00:00   0.0   5.6   0.0   7.1  34.0   18:37     N
15  23.3  31.5   15:12  17.4   07:17   0.1   5.1   0.0   4.0  27.0   13:27   NNW
16  24.2  32.5   15:13  17.8   06:49   0.0   5.9   0.0   3.8  27.0   16:49   WNW
17  24.7  33.7   15:15  17.4   06:59   0.0   6.4   0.0   4.2  27.0   15:21   WNW
18  26.2  34.6   15:11  20.1   01:45   0.0   7.9   0.0   4.9  30.0   11:22   NNW
19  26.7  32.1   12:09  20.6   23:44   0.0   8.4   0.0   5.5  42.0   01:07   NNW
20  24.6  27.4   10:29  19.2   07:42   0.0   6.3   0.0   1.0  13.0   00:39    NW
21  22.0  27.4   00:00  16.0   19:26   0.6   4.0  46.8   3.9  50.0   10:12   ENE
22  19.3  22.9   17:32  15.6   02:35   0.7   1.7   4.8   2.8  27.0   12:50   ENE
23  20.8  25.4   13:58  18.1   07:35   0.0   2.5  30.9   2.8  22.0   12:57    NW
24  23.2  27.1   14:24  17.9   07:17   0.0   4.9   0.0   5.3  22.0   13:44    SW
25  26.0  28.4   15:12  22.9   23:56   0.0   7.7   0.0   5.0  22.0   08:54     S
26  22.2  25.0   17:12  19.4   12:42   0.0   3.9   4.5   1.5  23.0   11:50    SW
27  21.7  27.3   14:45  17.3   07:16   0.1   3.5  11.1   2.0  17.0   15:48     W
28  21.3  27.6   15:26  18.6   08:05   0.0   3.0   7.5   2.6  24.0   16:27    NW
29  20.5  26.3   15:01  17.8   04:45   0.1   2.3   0.0   4.1  28.0   12:54   NNE
30  18.4  22.2   14:52  15.5   23:41   0.7   0.8   0.0   6.6  31.0   09:40   ENE
----------------------------------------------------------------------------------
    24.7  40.2     7    15.5    30     2.3 192.5 105.6   3.9  50.0    21      NW

Max >=  27.0: 24
Max <=   0.0:  0
Min <=   0.0:  0
Min <= -18.0:  0
Max Rain: 46.8 on day 21
Days of Rain: 6 (>= 0.2 mm)  6 (>= 2.0 mm)  2 (>= 20.0 mm)
Heat Base: 18.3  Cool Base: 18.3  Method: Integration