2011 2012 2013

NOAA style reports

NOAA-style Climate Reports

Select a Year or Month report
V/Λ2017 > Jan Feb Mar Apr May Jun Jul Aug Sep Oct Nov Dec
V/Λ2016 > Jan Feb Mar Apr May Jun Jul Aug Sep Oct Nov Dec
V/Λ2015 > Jan Feb Mar Apr May Jun Jul Aug Sep Oct Nov Dec
V/Λ2014 > Jan Feb Mar Apr May Jun Jul Aug Sep Oct Nov Dec
V/Λ2013 > Jan Feb Mar Apr May Jun Jul Aug Sep Oct Nov Dec
V/Λ2012 > Jan Feb Mar Apr May Jun Jul Aug Sep Oct Nov Dec
V/Λ2011 > Jan Feb Mar Apr May Jun Jul Aug Sep Oct Nov Dec
V/Λ2010 > Jan Feb Mar Apr May Jun Jul Aug Sep Oct Nov Dec
V/Λ2009 > Jan Feb Mar Apr May Jun Jul Aug Sep Oct Nov Dec
V/Λ2008 > Jan Feb Mar Apr May Jun Jul Aug Sep Oct Nov Dec
V/Λ2007 > Jan Feb Mar Apr May Jun Jul Aug Sep Oct Nov Dec
V/Λ2006 > Jan Feb Mar Apr May Jun Jul Aug Sep Oct Nov Dec
V/Λ2005 > Jan Feb Mar Apr May Jun Jul Aug Sep Oct Nov Dec
V/Λ2004 > Jan Feb Mar Apr May Jun Jul Aug Sep Oct Nov Dec
V/Λ2003 > Jan Feb Mar Apr May Jun Jul Aug Sep Oct Nov Dec
V/Λ2002 > Jan Feb Mar Apr May Jun Jul Aug Sep Oct Nov Dec
V/Λ2001 > Jan Feb Mar Apr May Jun Jul Aug Sep Oct Nov Dec
V/Λ2000 > Jan Feb Mar Apr May Jun Jul Aug Sep Oct Nov Dec
V/Λ1999 > Jan Feb Mar Apr May Jun Jul Aug Sep Oct Nov Dec
V/Λ1998 > Jan Feb Mar Apr May Jun Jul Aug Sep Oct Nov Dec
V/Λ1997 > Jan Feb Mar Apr May Jun Jul Aug Sep Oct Nov Dec
V/Λ1996 > Jan Feb Mar Apr May Jun Jul Aug Sep Oct Nov Dec
V/Λ1995 > Jan Feb Mar Apr May Jun Jul Aug Sep Oct Nov Dec
V/Λ1994 > Jan Feb Mar Apr May Jun Jul Aug Sep Oct Nov Dec
V/Λ1993 > Jan Feb Mar Apr May Jun Jul Aug Sep Oct Nov Dec
V/Λ1992 > Jan Feb Mar Apr May Jun Jul Aug Sep Oct Nov Dec
V/Λ1991 > Jan Feb Mar Apr May Jun Jul Aug Sep Oct Nov Dec
V/Λ1990 > Jan Feb Mar Apr May Jun Jul Aug Sep Oct Nov Dec
V/Λ1989 > Jan Feb Mar Apr May Jun Jul Aug Sep Oct Nov Dec
V/Λ1988 > Jan Feb Mar Apr May Jun Jul Aug Sep Oct Nov Dec
V/Λ1987 > Jan Feb Mar Apr May Jun Jul Aug Sep Oct Nov Dec
V/Λ1986 > Jan Feb Mar Apr May Jun Jul Aug Sep Oct Nov Dec
V/Λ1985 > Jan Feb Mar Apr May Jun Jul Aug Sep Oct Nov Dec
V/Λ1984 > Jan Feb Mar Apr May Jun Jul Aug Sep Oct Nov Dec
V/Λ1983 > Jan Feb Mar Apr May Jun Jul Aug Sep Oct Nov Dec
V/Λ1982 > Jan Feb Mar Apr May Jun Jul Aug Sep Oct Nov Dec
V/Λ1981 > Jan Feb Mar Apr May Jun Jul Aug Sep Oct Nov Dec
V/Λ1980 > Jan Feb Mar Apr May Jun Jul Aug Sep Oct Nov Dec

Report for 2015 Apr
                   Monthly Climatological Summary for Apr 2015

Name: www.anoliosia.meteoclub .gr   City: Ano Liosia   State: Attiki
Elevation: 160 m  Lat: N 38 08' 03"   Lon: E 024 12' 58"

                  Temperature (C), Rain (mm), Wind Speed (km/h)

                                      Heat  Cool        Avg
    Mean                              Deg   Deg         Wind                 Dom
Day Temp  High   Time   Low    Time   Days  Days  Rain  Speed High   Time    Dir
----------------------------------------------------------------------------------
 1  15.1  21.3   16:20   9.5   04:41   3.8   0.6   0.0   5.7  30.0   20:27     W
 2  14.3  18.6   13:35  10.6   22:00   4.0   0.0   0.0   4.7  38.0   12:43     N
 3  13.3  21.1   16:35   8.1   07:24   5.3   0.3   0.0   6.3  40.0   23:40    NW
 4  11.3  16.6   14:51   8.1   07:31   7.0   0.0   0.0   6.3  58.0   01:33   NNW
 5  12.8  17.2   13:54   9.9   05:06   5.4   0.0   0.3   3.3  22.0   11:18    SW
 6  15.6  20.5   15:20  12.9   00:44   3.0   0.3   0.0   6.2  37.0   20:16    SW
 7  11.3  16.5   15:12   8.4   23:56   7.0   0.0   0.0   6.1  36.0   18:19    NW
 8   8.2  11.0   15:40   6.6   23:58  10.1   0.0   0.0  10.4  50.0   10:51    NE
 9   7.2  10.6   23:41   3.6   06:30  11.1   0.0  17.7   8.2  45.0   10:53     N
10  10.9  13.5   16:23   8.3   07:26   7.4   0.0   0.0  10.3  44.0   05:18    NE
11  13.4  20.4   16:32   7.8   02:10   5.1   0.3   0.0   5.2  27.0   12:18   NNW
12  15.2  23.8   16:27   7.3   06:52   4.3   1.3   0.0   3.1  17.0   14:27     W
13  17.1  24.5   14:52  10.5   06:10   2.9   1.7   0.0   4.3  19.0   15:27   WNW
14  17.2  25.1   13:41  11.0   05:07   2.7   1.7   0.0   2.2  17.0   16:19   WSW
15  17.2  21.9   12:34  11.8   23:59   1.8   0.7   0.0   6.3  44.0   06:21     N
16  15.6  22.2   14:44  10.3   05:06   3.6   0.8   0.0   4.0  21.0   16:11     W
17  17.1  23.4   14:30  11.0   04:57   2.6   1.5   0.0   5.0  36.0   14:35     W
18  18.4  23.4   13:40  14.0   06:49   1.5   1.6   0.0   3.8  18.0   10:47     W
19  16.9  25.4   13:26  11.3   06:57   2.8   1.4   0.0   5.8  38.0   21:43     E
20  14.0  19.8   14:29  10.4   07:25   4.4   0.1   0.0   6.0  33.0   02:18     E
21  13.5  18.8   13:25   8.8   06:15   4.8   0.0   0.0   7.4  44.0   14:23   NNE
22  14.0  20.1   17:21   8.5   07:11   4.6   0.2   0.0   5.7  32.0   14:32     N
23  13.5  19.9   14:25   8.9   06:38   4.9   0.1   0.0   5.9  30.0   01:28   ESE
24  14.5  20.5   13:46   9.3   06:21   4.1   0.3   0.0   3.7  17.0   16:06     W
25  16.7  22.7   16:38  12.2   06:50   2.6   1.0   0.0   2.5  21.0   12:52   SSW
26  17.2  24.6   13:54  11.1   05:42   2.7   1.6   0.0   3.0  17.0   15:50   WSW
27  17.9  25.4   14:33  11.4   06:54   2.3   1.9   0.0   3.3  18.0   14:35     W
28  18.8  25.3   16:41  12.7   05:29   1.5   2.0   0.0   5.0  42.0   23:48     W
29  19.4  25.5   16:50  12.3   06:35   1.2   2.3   0.0   7.4  38.0   00:58     W
30  19.0  26.8   14:16  13.3   06:47   1.5   2.1   0.6   3.1  23.0   14:17   WSW
----------------------------------------------------------------------------------
    14.9  26.8    30     3.6     9   126.0  23.8  18.6   5.4  58.0     4      NW

Max >=  27.0:  0
Max <=   0.0:  0
Min <=   0.0:  0
Min <= -18.0:  0
Max Rain: 17.7 on day 9
Days of Rain: 3 (>= 0.2 mm)  1 (>= 2.0 mm)  0 (>= 20.0 mm)
Heat Base: 18.3  Cool Base: 18.3  Method: Integration