2011 2012 2013

NOAA style reports

NOAA-style Climate Reports

Select a Year or Month report
V/Λ2017 > Jan Feb Mar Apr May Jun Jul Aug Sep Oct Nov Dec
V/Λ2016 > Jan Feb Mar Apr May Jun Jul Aug Sep Oct Nov Dec
V/Λ2015 > Jan Feb Mar Apr May Jun Jul Aug Sep Oct Nov Dec
V/Λ2014 > Jan Feb Mar Apr May Jun Jul Aug Sep Oct Nov Dec
V/Λ2013 > Jan Feb Mar Apr May Jun Jul Aug Sep Oct Nov Dec
V/Λ2012 > Jan Feb Mar Apr May Jun Jul Aug Sep Oct Nov Dec
V/Λ2011 > Jan Feb Mar Apr May Jun Jul Aug Sep Oct Nov Dec
V/Λ2010 > Jan Feb Mar Apr May Jun Jul Aug Sep Oct Nov Dec
V/Λ2009 > Jan Feb Mar Apr May Jun Jul Aug Sep Oct Nov Dec
V/Λ2008 > Jan Feb Mar Apr May Jun Jul Aug Sep Oct Nov Dec
V/Λ2007 > Jan Feb Mar Apr May Jun Jul Aug Sep Oct Nov Dec
V/Λ2006 > Jan Feb Mar Apr May Jun Jul Aug Sep Oct Nov Dec
V/Λ2005 > Jan Feb Mar Apr May Jun Jul Aug Sep Oct Nov Dec
V/Λ2004 > Jan Feb Mar Apr May Jun Jul Aug Sep Oct Nov Dec
V/Λ2003 > Jan Feb Mar Apr May Jun Jul Aug Sep Oct Nov Dec
V/Λ2002 > Jan Feb Mar Apr May Jun Jul Aug Sep Oct Nov Dec
V/Λ2001 > Jan Feb Mar Apr May Jun Jul Aug Sep Oct Nov Dec
V/Λ2000 > Jan Feb Mar Apr May Jun Jul Aug Sep Oct Nov Dec
V/Λ1999 > Jan Feb Mar Apr May Jun Jul Aug Sep Oct Nov Dec
V/Λ1998 > Jan Feb Mar Apr May Jun Jul Aug Sep Oct Nov Dec
V/Λ1997 > Jan Feb Mar Apr May Jun Jul Aug Sep Oct Nov Dec
V/Λ1996 > Jan Feb Mar Apr May Jun Jul Aug Sep Oct Nov Dec
V/Λ1995 > Jan Feb Mar Apr May Jun Jul Aug Sep Oct Nov Dec
V/Λ1994 > Jan Feb Mar Apr May Jun Jul Aug Sep Oct Nov Dec
V/Λ1993 > Jan Feb Mar Apr May Jun Jul Aug Sep Oct Nov Dec
V/Λ1992 > Jan Feb Mar Apr May Jun Jul Aug Sep Oct Nov Dec
V/Λ1991 > Jan Feb Mar Apr May Jun Jul Aug Sep Oct Nov Dec
V/Λ1990 > Jan Feb Mar Apr May Jun Jul Aug Sep Oct Nov Dec
V/Λ1989 > Jan Feb Mar Apr May Jun Jul Aug Sep Oct Nov Dec
V/Λ1988 > Jan Feb Mar Apr May Jun Jul Aug Sep Oct Nov Dec
V/Λ1987 > Jan Feb Mar Apr May Jun Jul Aug Sep Oct Nov Dec
V/Λ1986 > Jan Feb Mar Apr May Jun Jul Aug Sep Oct Nov Dec
V/Λ1985 > Jan Feb Mar Apr May Jun Jul Aug Sep Oct Nov Dec
V/Λ1984 > Jan Feb Mar Apr May Jun Jul Aug Sep Oct Nov Dec
V/Λ1983 > Jan Feb Mar Apr May Jun Jul Aug Sep Oct Nov Dec
V/Λ1982 > Jan Feb Mar Apr May Jun Jul Aug Sep Oct Nov Dec
V/Λ1981 > Jan Feb Mar Apr May Jun Jul Aug Sep Oct Nov Dec
V/Λ1980 > Jan Feb Mar Apr May Jun Jul Aug Sep Oct Nov Dec

Report for 2015 Mar
                   Monthly Climatological Summary for Mar 2015

Name: www.anoliosia.meteoclub .gr   City: Ano Liosia   State: Attiki
Elevation: 160 m  Lat: N 38 08' 03"   Lon: E 024 12' 58"

                  Temperature (C), Rain (mm), Wind Speed (km/h)

                                      Heat  Cool        Avg
    Mean                              Deg   Deg         Wind                 Dom
Day Temp  High   Time   Low    Time   Days  Days  Rain  Speed High   Time    Dir
----------------------------------------------------------------------------------
 1  11.7  16.6   14:22   7.9   23:46   6.6   0.0   0.0   4.1  23.0   14:56     W
 2  11.5  18.0   14:52   6.3   05:23   6.8   0.0   0.0   4.5  33.0   15:05     W
 3  13.7  20.3   16:44  10.2   07:12   4.9   0.3   0.0   6.7  39.0   03:53     W
 4  12.0  16.1   12:14   8.4   23:52   6.3   0.0   0.0   7.6  27.0   15:58   ENE
 5  11.5  14.5   15:28   7.9   03:44   6.9   0.0   0.0   4.6  23.0   16:02    SW
 6  13.5  19.3   14:21   8.0   00:29   4.8   0.0   2.1   9.4  37.0   15:57   SSW
 7  10.0  13.8   00:00   7.6   23:57   8.3   0.0  17.7   7.1  42.0   16:26     N
 8   8.6  11.0   14:35   7.0   05:09   9.7   0.0   0.0  13.9  51.0   17:16   NNW
 9   8.8  11.7   14:22   7.6   02:38   9.5   0.0   0.0   5.8  48.0   00:41   NNE
10   8.8  13.8   12:43   4.5   06:50   9.5   0.0   0.0   2.5  19.0   23:50   ENE
11  10.3  14.3   12:37   7.4   04:28   8.0   0.0   8.1   2.9  17.0   20:52    NE
12   8.8  13.0   14:41   5.7   06:46   9.5   0.0   3.3   4.0  34.0   11:28    NW
13   7.7   8.8   17:28   6.6   04:05  10.6   0.0  16.5   8.0  55.0   23:21    NE
14   9.8  14.0   14:32   6.8   01:30   8.5   0.0   0.3   7.6  59.0   03:20    NW
15   9.8  15.4   11:52   4.3   06:58   8.5   0.0   0.0   3.8  26.0   16:34    NE
16  10.5  14.1   14:37   7.1   00:57   7.8   0.0   0.0   4.9  36.0   23:32    NE
17  10.2  13.1   13:12   7.3   06:04   8.1   0.0   0.0   8.0  39.0   00:40    NE
18   7.9  11.3   12:57   3.5   23:54  10.4   0.0   0.0   7.5  45.0   02:07   ENE
19   8.1  14.6   13:27   2.2   05:52  10.2   0.0   0.0   2.9  22.0   15:42     W
20   7.2   8.7   01:30   5.0   20:57  11.2   0.0   0.6  10.0  48.0   16:53     N
21   8.7  15.4   16:42   3.1   06:53   9.6   0.0   0.0   5.4  24.0   11:14   WNW
22   7.8  10.9   17:17   4.7   05:27  10.7   0.0   1.2   2.9  17.0   00:31    NW
23  10.2  13.1   15:57   8.6   04:40   8.1   0.0   6.9   2.8  21.0   17:53     E
24  10.6  14.2   23:49   9.0   18:19   7.8   0.0   0.0   1.0  10.0   22:19    SE
25  11.8  14.2   00:19   9.7   11:51   6.4   0.0  15.6   4.0  17.0   15:53     E
26  13.0  14.2   11:50  11.1   01:09   5.4   0.0  17.1   4.9  24.0   12:19     E
27  14.1  16.4   16:56  12.1   03:20   4.2   0.0   3.3   4.0  28.0   00:38   ESE
28  12.6  16.3   13:18  10.6   23:50   5.7   0.0   3.9   1.8  15.0   15:19   ENE
29  12.4  15.6   12:44  10.3   02:23   5.7   0.0   0.3   1.3  16.0   13:09    NE
30  13.0  15.2   18:36  12.7   00:00   5.3   0.0   0.0   1.3  31.0   22:10     W
31  13.9  18.6   17:32  10.8   07:37   4.4   0.0   0.6   4.3  45.0   12:28   NNW
----------------------------------------------------------------------------------
    10.6  20.3     3     2.2    19   239.4   0.3  97.5   5.1  59.0    14     NNE

Max >=  27.0:  0
Max <=   0.0:  0
Min <=   0.0:  0
Min <= -18.0:  0
Max Rain: 17.7 on day 7
Days of Rain: 15 (>= 0.2 mm)  10 (>= 2.0 mm)  0 (>= 20.0 mm)
Heat Base: 18.3  Cool Base: 18.3  Method: Integration