2011 2012 2013

NOAA style reports

NOAA-style Climate Reports

Select a Year or Month report
V/Λ2017 > Jan Feb Mar Apr May Jun Jul Aug Sep Oct Nov Dec
V/Λ2016 > Jan Feb Mar Apr May Jun Jul Aug Sep Oct Nov Dec
V/Λ2015 > Jan Feb Mar Apr May Jun Jul Aug Sep Oct Nov Dec
V/Λ2014 > Jan Feb Mar Apr May Jun Jul Aug Sep Oct Nov Dec
V/Λ2013 > Jan Feb Mar Apr May Jun Jul Aug Sep Oct Nov Dec
V/Λ2012 > Jan Feb Mar Apr May Jun Jul Aug Sep Oct Nov Dec
V/Λ2011 > Jan Feb Mar Apr May Jun Jul Aug Sep Oct Nov Dec
V/Λ2010 > Jan Feb Mar Apr May Jun Jul Aug Sep Oct Nov Dec
V/Λ2009 > Jan Feb Mar Apr May Jun Jul Aug Sep Oct Nov Dec
V/Λ2008 > Jan Feb Mar Apr May Jun Jul Aug Sep Oct Nov Dec
V/Λ2007 > Jan Feb Mar Apr May Jun Jul Aug Sep Oct Nov Dec
V/Λ2006 > Jan Feb Mar Apr May Jun Jul Aug Sep Oct Nov Dec
V/Λ2005 > Jan Feb Mar Apr May Jun Jul Aug Sep Oct Nov Dec
V/Λ2004 > Jan Feb Mar Apr May Jun Jul Aug Sep Oct Nov Dec
V/Λ2003 > Jan Feb Mar Apr May Jun Jul Aug Sep Oct Nov Dec
V/Λ2002 > Jan Feb Mar Apr May Jun Jul Aug Sep Oct Nov Dec
V/Λ2001 > Jan Feb Mar Apr May Jun Jul Aug Sep Oct Nov Dec
V/Λ2000 > Jan Feb Mar Apr May Jun Jul Aug Sep Oct Nov Dec
V/Λ1999 > Jan Feb Mar Apr May Jun Jul Aug Sep Oct Nov Dec
V/Λ1998 > Jan Feb Mar Apr May Jun Jul Aug Sep Oct Nov Dec
V/Λ1997 > Jan Feb Mar Apr May Jun Jul Aug Sep Oct Nov Dec
V/Λ1996 > Jan Feb Mar Apr May Jun Jul Aug Sep Oct Nov Dec
V/Λ1995 > Jan Feb Mar Apr May Jun Jul Aug Sep Oct Nov Dec
V/Λ1994 > Jan Feb Mar Apr May Jun Jul Aug Sep Oct Nov Dec
V/Λ1993 > Jan Feb Mar Apr May Jun Jul Aug Sep Oct Nov Dec
V/Λ1992 > Jan Feb Mar Apr May Jun Jul Aug Sep Oct Nov Dec
V/Λ1991 > Jan Feb Mar Apr May Jun Jul Aug Sep Oct Nov Dec
V/Λ1990 > Jan Feb Mar Apr May Jun Jul Aug Sep Oct Nov Dec
V/Λ1989 > Jan Feb Mar Apr May Jun Jul Aug Sep Oct Nov Dec
V/Λ1988 > Jan Feb Mar Apr May Jun Jul Aug Sep Oct Nov Dec
V/Λ1987 > Jan Feb Mar Apr May Jun Jul Aug Sep Oct Nov Dec
V/Λ1986 > Jan Feb Mar Apr May Jun Jul Aug Sep Oct Nov Dec
V/Λ1985 > Jan Feb Mar Apr May Jun Jul Aug Sep Oct Nov Dec
V/Λ1984 > Jan Feb Mar Apr May Jun Jul Aug Sep Oct Nov Dec
V/Λ1983 > Jan Feb Mar Apr May Jun Jul Aug Sep Oct Nov Dec
V/Λ1982 > Jan Feb Mar Apr May Jun Jul Aug Sep Oct Nov Dec
V/Λ1981 > Jan Feb Mar Apr May Jun Jul Aug Sep Oct Nov Dec
V/Λ1980 > Jan Feb Mar Apr May Jun Jul Aug Sep Oct Nov Dec

Report for 2015 Feb
                   Monthly Climatological Summary for Feb 2015

Name: www.anoliosia.meteoclub .gr   City: Ano Liosia   State: Attiki
Elevation: 160 m  Lat: N 38 08' 03"   Lon: E 024 12' 58"

                  Temperature (C), Rain (mm), Wind Speed (km/h)

                                      Heat  Cool        Avg
    Mean                              Deg   Deg         Wind                 Dom
Day Temp  High   Time   Low    Time   Days  Days  Rain  Speed High   Time    Dir
----------------------------------------------------------------------------------
 1  16.8  20.0   14:08  14.0   00:00   1.8   0.3   0.0   0.0   0.0   00:00     E
 2  10.5  14.2   00:00   5.8   23:57   7.8   0.0   0.0   0.0   0.0   00:00     E
 3   8.5  13.5   16:02   5.0   06:53   9.8   0.0   0.0   0.0   0.0   00:00     E
 4  10.8  15.3   13:17   6.3   03:45   7.5   0.0   0.0   0.0   0.0   00:00     E
 5  14.0  19.5   14:30  12.6   00:00   4.4   0.1   0.0   0.0   0.0   00:00     E
 6  12.8  16.8   12:53   7.2   23:55   5.5   0.0   1.5   0.0   0.0   00:00     E
 7   7.1   7.9   00:00   5.8   07:41  11.2   0.0   0.0   0.0   0.0   00:00     E
 8   8.2  12.6   14:29   7.1   00:00  10.2   0.0   0.0   0.0   0.0   00:00     E
 9   6.7   8.4   11:49   4.0   18:19  11.6   0.0   4.8   0.0   0.0   00:00     E
10   1.7   4.7   00:00   0.0   19:58  16.6   0.0   4.8   0.0   0.0   00:00     E
11   1.3   3.6   15:38  -0.1   09:41  17.1   0.0   9.6   0.0   0.0   00:00     E
12   3.3   5.1   13:05   1.3   00:28  15.0   0.0   0.0   0.0   0.0   00:00     E
13   5.3   6.7   14:44   4.2   00:00  13.0   0.0   0.0   3.5  30.0   22:01     N
14   6.3   8.1   16:36   5.0   23:54  12.0   0.0   0.0   8.3  30.0   00:42     N
15   6.9  10.9   16:30   4.1   01:29  11.4   0.0   0.0   8.0  30.0   04:57     N
16   6.8  11.0   10:10   2.3   07:01  11.5   0.0   0.0   6.0  39.0   20:27     N
17   5.0   6.9   00:00   0.8   23:41  13.3   0.0   0.0  11.1  43.0   11:13   NNE
18   1.3   4.3   15:23  -0.6   07:37  17.0   0.0   0.0   5.9  37.0   02:25    NE
19   3.3   7.7   15:13  -1.3   07:46  14.9   0.0   0.9   7.0  46.0   09:26    NW
20   7.4  12.4   14:53   2.6   03:58  10.9   0.0   0.0   5.7  27.0   11:56    NW
21   9.4  15.9   13:38   3.8   02:24   8.9   0.0   0.0   3.4  16.0   14:04   WNW
22  10.4  13.2   13:56   7.4   02:21   7.9   0.0  14.4   3.3  28.0   19:13   SSW
23  11.8  14.4   14:33  10.0   00:40   6.5   0.0   7.5   2.7  21.0   16:10   SSW
24  10.9  13.7   16:49   8.9   21:45   7.4   0.0   0.9   2.2  17.0   13:16    NW
25  11.4  17.2   14:45   8.2   01:41   6.8   0.0   0.9   4.3  26.0   15:31     W
26  10.3  14.8   11:46   6.3   07:13   8.0   0.0  17.4   3.4  24.0   16:45   NNW
27  11.3  16.1   12:32   8.0   23:17   7.0   0.0  14.7   4.4  38.0   13:46     E
28  10.5  13.8   14:44   7.6   04:39   7.8   0.0   0.6   4.1  27.0   16:19   WNW
----------------------------------------------------------------------------------
     8.2  20.0     1    -1.3    19   282.8   0.4  78.0   3.0  46.0    19     NNW

Max >=  27.0:  0
Max <=   0.0:  0
Min <=   0.0:  4
Min <= -18.0:  0
Max Rain: 17.4 on day 26
Days of Rain: 12 (>= 0.2 mm)  7 (>= 2.0 mm)  0 (>= 20.0 mm)
Heat Base: 18.3  Cool Base: 18.3  Method: Integration