2011 2012 2013

NOAA style reports

NOAA-style Climate Reports

Select a Year or Month report
V/Λ2017 > Jan Feb Mar Apr May Jun Jul Aug Sep Oct Nov Dec
V/Λ2016 > Jan Feb Mar Apr May Jun Jul Aug Sep Oct Nov Dec
V/Λ2015 > Jan Feb Mar Apr May Jun Jul Aug Sep Oct Nov Dec
V/Λ2014 > Jan Feb Mar Apr May Jun Jul Aug Sep Oct Nov Dec
V/Λ2013 > Jan Feb Mar Apr May Jun Jul Aug Sep Oct Nov Dec
V/Λ2012 > Jan Feb Mar Apr May Jun Jul Aug Sep Oct Nov Dec
V/Λ2011 > Jan Feb Mar Apr May Jun Jul Aug Sep Oct Nov Dec
V/Λ2010 > Jan Feb Mar Apr May Jun Jul Aug Sep Oct Nov Dec
V/Λ2009 > Jan Feb Mar Apr May Jun Jul Aug Sep Oct Nov Dec
V/Λ2008 > Jan Feb Mar Apr May Jun Jul Aug Sep Oct Nov Dec
V/Λ2007 > Jan Feb Mar Apr May Jun Jul Aug Sep Oct Nov Dec
V/Λ2006 > Jan Feb Mar Apr May Jun Jul Aug Sep Oct Nov Dec
V/Λ2005 > Jan Feb Mar Apr May Jun Jul Aug Sep Oct Nov Dec
V/Λ2004 > Jan Feb Mar Apr May Jun Jul Aug Sep Oct Nov Dec
V/Λ2003 > Jan Feb Mar Apr May Jun Jul Aug Sep Oct Nov Dec
V/Λ2002 > Jan Feb Mar Apr May Jun Jul Aug Sep Oct Nov Dec
V/Λ2001 > Jan Feb Mar Apr May Jun Jul Aug Sep Oct Nov Dec
V/Λ2000 > Jan Feb Mar Apr May Jun Jul Aug Sep Oct Nov Dec
V/Λ1999 > Jan Feb Mar Apr May Jun Jul Aug Sep Oct Nov Dec
V/Λ1998 > Jan Feb Mar Apr May Jun Jul Aug Sep Oct Nov Dec
V/Λ1997 > Jan Feb Mar Apr May Jun Jul Aug Sep Oct Nov Dec
V/Λ1996 > Jan Feb Mar Apr May Jun Jul Aug Sep Oct Nov Dec
V/Λ1995 > Jan Feb Mar Apr May Jun Jul Aug Sep Oct Nov Dec
V/Λ1994 > Jan Feb Mar Apr May Jun Jul Aug Sep Oct Nov Dec
V/Λ1993 > Jan Feb Mar Apr May Jun Jul Aug Sep Oct Nov Dec
V/Λ1992 > Jan Feb Mar Apr May Jun Jul Aug Sep Oct Nov Dec
V/Λ1991 > Jan Feb Mar Apr May Jun Jul Aug Sep Oct Nov Dec
V/Λ1990 > Jan Feb Mar Apr May Jun Jul Aug Sep Oct Nov Dec
V/Λ1989 > Jan Feb Mar Apr May Jun Jul Aug Sep Oct Nov Dec
V/Λ1988 > Jan Feb Mar Apr May Jun Jul Aug Sep Oct Nov Dec
V/Λ1987 > Jan Feb Mar Apr May Jun Jul Aug Sep Oct Nov Dec
V/Λ1986 > Jan Feb Mar Apr May Jun Jul Aug Sep Oct Nov Dec
V/Λ1985 > Jan Feb Mar Apr May Jun Jul Aug Sep Oct Nov Dec
V/Λ1984 > Jan Feb Mar Apr May Jun Jul Aug Sep Oct Nov Dec
V/Λ1983 > Jan Feb Mar Apr May Jun Jul Aug Sep Oct Nov Dec
V/Λ1982 > Jan Feb Mar Apr May Jun Jul Aug Sep Oct Nov Dec
V/Λ1981 > Jan Feb Mar Apr May Jun Jul Aug Sep Oct Nov Dec
V/Λ1980 > Jan Feb Mar Apr May Jun Jul Aug Sep Oct Nov Dec

Report for 2015 Jan
                   Monthly Climatological Summary for Jan 2015

Name: www.anoliosia.meteoclub .gr   City: Ano Liosia   State: Attiki
Elevation: 160 m  Lat: N 38 08' 03"   Lon: E 024 12' 58"

                  Temperature (C), Rain (mm), Wind Speed (km/h)

                                      Heat  Cool        Avg
    Mean                              Deg   Deg         Wind                 Dom
Day Temp  High   Time   Low    Time   Days  Days  Rain  Speed High   Time    Dir
----------------------------------------------------------------------------------
 1   3.6   4.5   00:30   2.6   20:38  14.7   0.0   3.3  13.8  70.0   00:10     N
 2   3.3   7.5   14:20  -0.5   23:13  14.9   0.0   0.0   9.9  58.0   02:50    NW
 3   4.1  11.9   15:17  -2.6   07:01  14.2   0.0   0.0   2.8  34.0   16:30   NNE
 4   8.4  14.0   19:10   1.9   03:11   9.9   0.0   0.3   4.0  32.0   20:53    NE
 5   5.6   8.9   00:00   1.8   23:57  12.9   0.0   2.1  16.4  93.0   08:33   NNW
 6   1.7   4.7   12:28   0.3   01:52  16.6   0.0   2.1  12.2  80.0   14:11   ENE
 7   2.1   4.4   12:25   0.0   04:26  16.2   0.0   0.0  15.9  89.0   11:34    NW
 8   2.4   5.3   14:21   0.8   02:56  15.0   0.0   0.3   4.4  32.0   13:48    NW
 9   4.6   9.8   14:22   1.0   08:08  13.7   0.0   0.0   2.9  17.0   14:09    NE
10   9.0  16.1   14:01   1.6   04:48   9.3   0.0   0.0   5.1  24.0   14:01   NNE
11  11.3  16.7   12:10   6.1   02:31   7.0   0.0   0.0   2.3  11.0   17:34   NNW
12  10.2  13.6   11:21   6.6   18:17   5.5   0.0   0.0   3.8 114.0   14:42     N
13  12.9  16.7   04:17   6.6   00:17   1.1   0.0   2.4   3.0  17.0   23:47    SE
14  12.7  12.7   00:17  12.7   00:17   0.0   0.0   0.0  ----  17.0   00:17   ---
15  12.7  12.7   00:17  12.7   00:17   0.0   0.0   0.0  ----  17.0   00:17   ---
16  12.7  12.7   00:17  12.7   00:17   0.0   0.0   0.0  ----  17.0   00:17   ---
17  12.7  12.7   00:17  12.7   00:17   0.0   0.0   0.0  ----  17.0   00:17   ---
18  12.7  12.7   00:17  12.7   00:17   0.0   0.0   0.0  ----  17.0   00:17   ---
19  12.8  14.2   12:47  11.8   23:47   1.7   0.0   0.0   0.0  17.0   00:17     E
20  13.8  18.3   13:47  10.6   08:17   4.5   0.0   0.0   0.0   0.0   00:17     E
21  14.6  20.2   13:16  11.5   23:47   3.8   0.1   0.0   0.0   0.0   00:00     E
22  13.5  17.5   14:21   9.4   06:47   4.8   0.0   0.3   0.0   0.0   00:17     E
23  14.7  17.8   13:02   8.9   23:55   3.6   0.0   3.3   0.0   0.0   00:00     E
24   9.6  11.3   10:25   7.1   07:25   8.7   0.0   3.9   0.0   0.0   00:00     E
25  11.3  15.3   15:09  10.1   08:04   7.0   0.0   3.3   0.0   0.0   00:00     E
26  10.3  16.1   13:49   6.0   05:13   8.0   0.0   7.8   0.0   0.0   00:00     E
27   7.6  10.4   15:25   6.1   23:38   7.4   0.0   0.9   0.0   0.0   00:00     E
28   8.8  14.5   14:00   4.8   05:39   9.5   0.0   0.9   0.0   0.0   00:00     E
29   9.6  13.6   13:19   8.1   23:50   8.7   0.0   5.7   0.0   0.0   00:00     E
30  11.0  15.2   13:53   7.2   04:45   7.3   0.0   0.0   0.0   0.0   00:00     E
31  14.1  16.3   12:32  11.9   01:02   4.2   0.0   0.0   0.0   0.0   00:00     E
----------------------------------------------------------------------------------
     9.5  20.2    21    -2.6     3   230.2   0.1  36.6   4.3 114.0    12       N

Max >=  27.0:  0
Max <=   0.0:  0
Min <=   0.0:  3
Min <= -18.0:  0
Max Rain: 7.8 on day 26
Days of Rain: 14 (>= 0.2 mm)  9 (>= 2.0 mm)  0 (>= 20.0 mm)
Heat Base: 18.3  Cool Base: 18.3  Method: Integration