2011 2012 2013

NOAA style reports

NOAA-style Climate Reports

Select a Year or Month report
V/Λ2017 > Jan Feb Mar Apr May Jun Jul Aug Sep Oct Nov Dec
V/Λ2016 > Jan Feb Mar Apr May Jun Jul Aug Sep Oct Nov Dec
V/Λ2015 > Jan Feb Mar Apr May Jun Jul Aug Sep Oct Nov Dec
V/Λ2014 > Jan Feb Mar Apr May Jun Jul Aug Sep Oct Nov Dec
V/Λ2013 > Jan Feb Mar Apr May Jun Jul Aug Sep Oct Nov Dec
V/Λ2012 > Jan Feb Mar Apr May Jun Jul Aug Sep Oct Nov Dec
V/Λ2011 > Jan Feb Mar Apr May Jun Jul Aug Sep Oct Nov Dec
V/Λ2010 > Jan Feb Mar Apr May Jun Jul Aug Sep Oct Nov Dec
V/Λ2009 > Jan Feb Mar Apr May Jun Jul Aug Sep Oct Nov Dec
V/Λ2008 > Jan Feb Mar Apr May Jun Jul Aug Sep Oct Nov Dec
V/Λ2007 > Jan Feb Mar Apr May Jun Jul Aug Sep Oct Nov Dec
V/Λ2006 > Jan Feb Mar Apr May Jun Jul Aug Sep Oct Nov Dec
V/Λ2005 > Jan Feb Mar Apr May Jun Jul Aug Sep Oct Nov Dec
V/Λ2004 > Jan Feb Mar Apr May Jun Jul Aug Sep Oct Nov Dec
V/Λ2003 > Jan Feb Mar Apr May Jun Jul Aug Sep Oct Nov Dec
V/Λ2002 > Jan Feb Mar Apr May Jun Jul Aug Sep Oct Nov Dec
V/Λ2001 > Jan Feb Mar Apr May Jun Jul Aug Sep Oct Nov Dec
V/Λ2000 > Jan Feb Mar Apr May Jun Jul Aug Sep Oct Nov Dec
V/Λ1999 > Jan Feb Mar Apr May Jun Jul Aug Sep Oct Nov Dec
V/Λ1998 > Jan Feb Mar Apr May Jun Jul Aug Sep Oct Nov Dec
V/Λ1997 > Jan Feb Mar Apr May Jun Jul Aug Sep Oct Nov Dec
V/Λ1996 > Jan Feb Mar Apr May Jun Jul Aug Sep Oct Nov Dec
V/Λ1995 > Jan Feb Mar Apr May Jun Jul Aug Sep Oct Nov Dec
V/Λ1994 > Jan Feb Mar Apr May Jun Jul Aug Sep Oct Nov Dec
V/Λ1993 > Jan Feb Mar Apr May Jun Jul Aug Sep Oct Nov Dec
V/Λ1992 > Jan Feb Mar Apr May Jun Jul Aug Sep Oct Nov Dec
V/Λ1991 > Jan Feb Mar Apr May Jun Jul Aug Sep Oct Nov Dec
V/Λ1990 > Jan Feb Mar Apr May Jun Jul Aug Sep Oct Nov Dec
V/Λ1989 > Jan Feb Mar Apr May Jun Jul Aug Sep Oct Nov Dec
V/Λ1988 > Jan Feb Mar Apr May Jun Jul Aug Sep Oct Nov Dec
V/Λ1987 > Jan Feb Mar Apr May Jun Jul Aug Sep Oct Nov Dec
V/Λ1986 > Jan Feb Mar Apr May Jun Jul Aug Sep Oct Nov Dec
V/Λ1985 > Jan Feb Mar Apr May Jun Jul Aug Sep Oct Nov Dec
V/Λ1984 > Jan Feb Mar Apr May Jun Jul Aug Sep Oct Nov Dec
V/Λ1983 > Jan Feb Mar Apr May Jun Jul Aug Sep Oct Nov Dec
V/Λ1982 > Jan Feb Mar Apr May Jun Jul Aug Sep Oct Nov Dec
V/Λ1981 > Jan Feb Mar Apr May Jun Jul Aug Sep Oct Nov Dec
V/Λ1980 > Jan Feb Mar Apr May Jun Jul Aug Sep Oct Nov Dec

Report for 2014 Dec
                   Monthly Climatological Summary for Dec 2014

Name: www.anoliosia.meteoclub .gr   City: Ano Liosia   State: Attiki
Elevation: 160 m  Lat: N 38 08' 03"   Lon: E 024 12' 58"

                  Temperature (C), Rain (mm), Wind Speed (km/h)

                                      Heat  Cool        Avg
    Mean                              Deg   Deg         Wind                 Dom
Day Temp  High   Time   Low    Time   Days  Days  Rain  Speed High   Time    Dir
----------------------------------------------------------------------------------
 1  14.6  19.2   13:27  11.2   05:23   3.7   0.0   0.0   5.1  21.0   06:14   NNE
 2  16.2  20.1   12:25  13.5   06:26   2.2   0.1   0.3   4.3  28.0   19:36   ESE
 3  17.5  21.2   14:14  14.3   05:49   1.3   0.6   0.9   6.1  43.0   23:43     E
 4  15.9  20.2   13:29  13.2   07:56   2.7   0.3   7.5   4.9  33.0   00:00    NE
 5  14.6  18.3   13:36  11.2   04:37   3.7   0.0   0.0   3.3  16.0   21:16   NNE
 6  14.6  19.1   15:55  11.3   23:39   2.3   0.0  25.2   4.0  34.0   05:56     N
 7  13.6  18.1   13:16  10.4   07:19   4.7   0.0   2.4   1.8  13.0   12:23     N
 8  12.9  15.3   14:39  11.1   11:13   5.4   0.0  28.2   5.6  40.0   10:30   NNE
 9  11.8  15.0   15:10   9.3   23:22   6.5   0.0   8.7   2.6  15.0   18:12   ESE
10  10.6  12.6   13:12   8.0   05:11   7.7   0.0   4.2   7.5  36.0   20:49     N
11  12.3  14.8   14:00  11.0   23:56   6.0   0.0  20.1   8.3  28.0   20:44     N
12  12.2  13.4   12:19  10.9   00:19   6.3   0.0  16.0  11.3  66.0   07:53   NNW
13  11.4  16.0   14:53   6.9   23:57   7.0   0.0   0.0   4.1  30.0   00:10     E
14  10.9  14.5   13:02   5.0   07:40   7.4   0.0   0.0   3.3  18.0   11:07     N
15  12.7  14.5   00:00   9.5   21:54   5.5   0.0   0.0   2.5  12.0   12:28   NNE
16  12.2  14.1   23:35  10.1   06:11   6.1   0.0   7.8   3.8  27.0   23:18   ESE
17  13.4  15.5   10:46  10.1   22:17   4.9   0.0  14.4   7.0  40.0   07:45   ESE
18  10.2  14.8   16:04   6.9   07:08   8.1   0.0   0.3   2.1  23.0   13:27   NNW
19  10.0  16.4   15:27   5.4   07:16   8.3   0.0   0.3   2.0  15.0   12:38     N
20   9.9  16.0   14:37   4.7   07:48   8.4   0.0   0.0   3.1  26.0   13:01     E
21  10.8  17.8   14:12   5.5   07:28   7.5   0.0   0.0   7.8  91.0   23:19     N
22   9.0  13.8   13:35   4.2   23:01   9.3   0.0   0.0   7.4  85.0   00:16   NNW
23   8.7  17.5   15:15   2.4   05:44   9.6   0.0   0.0   1.3  10.0   12:38   NNE
24  10.2  18.6   13:39   4.2   06:22   8.1   0.0   1.5   1.4  11.0   12:33   ESE
25  11.2  17.5   14:13   5.8   07:41   7.1   0.0   0.0   2.6  22.0   16:09    NE
26  10.8  15.8   14:25   7.5   05:30   7.5   0.0   1.2   1.3  15.0   16:01   ENE
27   8.8  12.3   13:01   3.3   23:49   9.5   0.0   0.3   4.3  30.0   13:22   NNW
28   8.7  13.7   23:58   2.2   03:56   9.6   0.0   0.9   6.1  43.0   19:20     E
29  13.8  15.9   12:37  10.8   08:08   4.5   0.0   0.0  10.1  56.0   03:30   NNE
30   5.4  14.3   00:00   2.5   21:52  13.2   0.0   3.0   8.3  50.0   18:08    NE
31   3.8   5.0   22:14   2.3   00:30  14.5   0.0   5.7  20.0  67.0   19:29     N
----------------------------------------------------------------------------------
    11.6  21.2     3     2.2    28   208.6   1.0 148.9   5.2  91.0    21     NNE

Max >=  27.0:  0
Max <=   0.0:  0
Min <=   0.0:  0
Min <= -18.0:  0
Max Rain: 28.2 on day 8
Days of Rain: 20 (>= 0.2 mm)  12 (>= 2.0 mm)  3 (>= 20.0 mm)
Heat Base: 18.3  Cool Base: 18.3  Method: Integration