2011 2012 2013

NOAA style reports

NOAA-style Climate Reports

Select a Year or Month report
V/Λ2017 > Jan Feb Mar Apr May Jun Jul Aug Sep Oct Nov Dec
V/Λ2016 > Jan Feb Mar Apr May Jun Jul Aug Sep Oct Nov Dec
V/Λ2015 > Jan Feb Mar Apr May Jun Jul Aug Sep Oct Nov Dec
V/Λ2014 > Jan Feb Mar Apr May Jun Jul Aug Sep Oct Nov Dec
V/Λ2013 > Jan Feb Mar Apr May Jun Jul Aug Sep Oct Nov Dec
V/Λ2012 > Jan Feb Mar Apr May Jun Jul Aug Sep Oct Nov Dec
V/Λ2011 > Jan Feb Mar Apr May Jun Jul Aug Sep Oct Nov Dec
V/Λ2010 > Jan Feb Mar Apr May Jun Jul Aug Sep Oct Nov Dec
V/Λ2009 > Jan Feb Mar Apr May Jun Jul Aug Sep Oct Nov Dec
V/Λ2008 > Jan Feb Mar Apr May Jun Jul Aug Sep Oct Nov Dec
V/Λ2007 > Jan Feb Mar Apr May Jun Jul Aug Sep Oct Nov Dec
V/Λ2006 > Jan Feb Mar Apr May Jun Jul Aug Sep Oct Nov Dec
V/Λ2005 > Jan Feb Mar Apr May Jun Jul Aug Sep Oct Nov Dec
V/Λ2004 > Jan Feb Mar Apr May Jun Jul Aug Sep Oct Nov Dec
V/Λ2003 > Jan Feb Mar Apr May Jun Jul Aug Sep Oct Nov Dec
V/Λ2002 > Jan Feb Mar Apr May Jun Jul Aug Sep Oct Nov Dec
V/Λ2001 > Jan Feb Mar Apr May Jun Jul Aug Sep Oct Nov Dec
V/Λ2000 > Jan Feb Mar Apr May Jun Jul Aug Sep Oct Nov Dec
V/Λ1999 > Jan Feb Mar Apr May Jun Jul Aug Sep Oct Nov Dec
V/Λ1998 > Jan Feb Mar Apr May Jun Jul Aug Sep Oct Nov Dec
V/Λ1997 > Jan Feb Mar Apr May Jun Jul Aug Sep Oct Nov Dec
V/Λ1996 > Jan Feb Mar Apr May Jun Jul Aug Sep Oct Nov Dec
V/Λ1995 > Jan Feb Mar Apr May Jun Jul Aug Sep Oct Nov Dec
V/Λ1994 > Jan Feb Mar Apr May Jun Jul Aug Sep Oct Nov Dec
V/Λ1993 > Jan Feb Mar Apr May Jun Jul Aug Sep Oct Nov Dec
V/Λ1992 > Jan Feb Mar Apr May Jun Jul Aug Sep Oct Nov Dec
V/Λ1991 > Jan Feb Mar Apr May Jun Jul Aug Sep Oct Nov Dec
V/Λ1990 > Jan Feb Mar Apr May Jun Jul Aug Sep Oct Nov Dec
V/Λ1989 > Jan Feb Mar Apr May Jun Jul Aug Sep Oct Nov Dec
V/Λ1988 > Jan Feb Mar Apr May Jun Jul Aug Sep Oct Nov Dec
V/Λ1987 > Jan Feb Mar Apr May Jun Jul Aug Sep Oct Nov Dec
V/Λ1986 > Jan Feb Mar Apr May Jun Jul Aug Sep Oct Nov Dec
V/Λ1985 > Jan Feb Mar Apr May Jun Jul Aug Sep Oct Nov Dec
V/Λ1984 > Jan Feb Mar Apr May Jun Jul Aug Sep Oct Nov Dec
V/Λ1983 > Jan Feb Mar Apr May Jun Jul Aug Sep Oct Nov Dec
V/Λ1982 > Jan Feb Mar Apr May Jun Jul Aug Sep Oct Nov Dec
V/Λ1981 > Jan Feb Mar Apr May Jun Jul Aug Sep Oct Nov Dec
V/Λ1980 > Jan Feb Mar Apr May Jun Jul Aug Sep Oct Nov Dec

Report for 2014 Nov
                   Monthly Climatological Summary for Nov 2014

Name: www.anoliosia.meteoclub .gr   City: Ano Liosia   State: Attiki
Elevation: 160 m  Lat: N 38 08' 03"   Lon: E 023 07' 58"

                  Temperature (C), Rain (mm), Wind Speed (km/h)

                                      Heat  Cool        Avg
    Mean                              Deg   Deg         Wind                 Dom
Day Temp  High   Time   Low    Time   Days  Days  Rain  Speed High   Time    Dir
----------------------------------------------------------------------------------
 1  13.0  15.1   14:00  11.7   22:07   5.3   0.0   0.0  11.1  49.0   12:08     N
 2  13.1  17.7   14:28   9.9   23:38   5.2   0.0   0.0   6.9  33.0   08:59     N
 3  13.1  18.0   14:02   9.1   01:19   5.2   0.0   0.0   6.8  31.0   10:36     N
 4  13.1  19.3   14:27   7.8   07:09   5.3   0.1   0.0   3.5  18.0   16:11    NE
 5  15.1  20.0   13:50  11.0   02:28   3.3   0.1   0.0   3.4  19.0   13:06     E
 6  17.3  21.0   12:44  13.8   07:09   1.5   0.5   0.0   3.2  21.0   11:24     S
 7  17.3  21.3   12:30  13.4   06:57   1.5   0.6   2.7   5.2  26.0   22:56    NE
 8  15.7  17.2   00:00  13.9   23:51   2.6   0.0  14.4   6.3  30.0   01:18   NNE
 9  15.4  20.6   14:54  11.2   07:08   3.1   0.2   0.0   2.4  19.0   14:22     S
10  15.5  21.8   14:17  11.1   07:06   3.3   0.5   0.3   3.9  26.0   10:20   NNE
11  15.4  19.8   13:49  11.9   02:44   3.1   0.2   0.0   5.9  27.0   09:55   NNE
12  15.3  18.4   11:55  12.7   02:17   3.0   0.0   0.0   5.6  23.0   09:06   NNE
13  17.6  21.4   13:31  14.1   08:01   1.4   0.7   0.9   3.5  17.0   02:59   ENE
14  15.1  17.8   11:53  13.5   04:16   3.2   0.0  16.0   0.3  24.0   01:37   NNE
15  14.9  18.8   15:14  11.0   23:41   3.4   0.0   0.0   2.3  18.0   15:46     N
16  13.1  17.3   15:30   9.7   06:57   5.2   0.0   0.3   1.8  12.0   05:18     N
17  17.2  21.9   14:10  14.1   00:00   2.0   0.9   0.0   2.3  16.0   12:47   WNW
18  16.6  21.5   12:07  11.7   07:08   2.3   0.6   0.0   1.3  12.0   13:26     N
19  18.0  20.9   12:29  15.1   05:59   0.9   0.6   0.0   5.9  34.0   15:42    SE
20  15.8  17.6   01:30  12.4   20:34   2.5   0.0   0.0   6.7  37.0   01:21   NNW
21  12.9  15.6   14:16  10.4   21:37   5.4   0.0   0.0   8.4  40.0   05:21   NNW
22  11.8  16.5   13:29   7.8   23:57   6.5   0.0   0.0   3.5  24.0   00:49   NNE
23  10.6  12.1   13:10   7.6   00:32   7.7   0.0   0.0   5.9  32.0   06:09     N
24  10.1  12.3   13:15   6.9   23:26   8.2   0.0   0.0   3.8  27.0   03:22   NNE
25   8.8  11.9   12:38   6.0   22:25   9.5   0.0   0.0  10.7  45.0   11:10     N
26   7.9   9.5   12:17   5.1   03:11  10.4   0.0   0.3   5.7  27.0   23:53     N
27   9.6  11.0   13:45   8.2   00:30   8.7   0.0   4.2   7.5  22.0   07:22     N
28  11.6  13.2   15:19   9.3   00:00   6.7   0.0   0.3   4.5  17.0   09:35   NNE
29  15.1  18.8   11:14  12.7   00:00   3.2   0.0   0.0   2.0  16.0   11:38   ENE
30  15.5  18.0   12:59  13.0   23:49   2.8   0.0   0.3   1.5  11.0   13:07     E
----------------------------------------------------------------------------------
    14.1  21.9    17     5.1    26   132.4   5.0  39.7   4.8  49.0     1     NNE

Max >=  27.0:  0
Max <=   0.0:  0
Min <=   0.0:  0
Min <= -18.0:  0
Max Rain: 16.0 on day 14
Days of Rain: 10 (>= 0.2 mm)  4 (>= 2.0 mm)  0 (>= 20.0 mm)
Heat Base: 18.3  Cool Base: 18.3  Method: Integration