2011 2012 2013

NOAA style reports

NOAA-style Climate Reports

Select a Year or Month report
V/Λ2017 > Jan Feb Mar Apr May Jun Jul Aug Sep Oct Nov Dec
V/Λ2016 > Jan Feb Mar Apr May Jun Jul Aug Sep Oct Nov Dec
V/Λ2015 > Jan Feb Mar Apr May Jun Jul Aug Sep Oct Nov Dec
V/Λ2014 > Jan Feb Mar Apr May Jun Jul Aug Sep Oct Nov Dec
V/Λ2013 > Jan Feb Mar Apr May Jun Jul Aug Sep Oct Nov Dec
V/Λ2012 > Jan Feb Mar Apr May Jun Jul Aug Sep Oct Nov Dec
V/Λ2011 > Jan Feb Mar Apr May Jun Jul Aug Sep Oct Nov Dec
V/Λ2010 > Jan Feb Mar Apr May Jun Jul Aug Sep Oct Nov Dec
V/Λ2009 > Jan Feb Mar Apr May Jun Jul Aug Sep Oct Nov Dec
V/Λ2008 > Jan Feb Mar Apr May Jun Jul Aug Sep Oct Nov Dec
V/Λ2007 > Jan Feb Mar Apr May Jun Jul Aug Sep Oct Nov Dec
V/Λ2006 > Jan Feb Mar Apr May Jun Jul Aug Sep Oct Nov Dec
V/Λ2005 > Jan Feb Mar Apr May Jun Jul Aug Sep Oct Nov Dec
V/Λ2004 > Jan Feb Mar Apr May Jun Jul Aug Sep Oct Nov Dec
V/Λ2003 > Jan Feb Mar Apr May Jun Jul Aug Sep Oct Nov Dec
V/Λ2002 > Jan Feb Mar Apr May Jun Jul Aug Sep Oct Nov Dec
V/Λ2001 > Jan Feb Mar Apr May Jun Jul Aug Sep Oct Nov Dec
V/Λ2000 > Jan Feb Mar Apr May Jun Jul Aug Sep Oct Nov Dec
V/Λ1999 > Jan Feb Mar Apr May Jun Jul Aug Sep Oct Nov Dec
V/Λ1998 > Jan Feb Mar Apr May Jun Jul Aug Sep Oct Nov Dec
V/Λ1997 > Jan Feb Mar Apr May Jun Jul Aug Sep Oct Nov Dec
V/Λ1996 > Jan Feb Mar Apr May Jun Jul Aug Sep Oct Nov Dec
V/Λ1995 > Jan Feb Mar Apr May Jun Jul Aug Sep Oct Nov Dec
V/Λ1994 > Jan Feb Mar Apr May Jun Jul Aug Sep Oct Nov Dec
V/Λ1993 > Jan Feb Mar Apr May Jun Jul Aug Sep Oct Nov Dec
V/Λ1992 > Jan Feb Mar Apr May Jun Jul Aug Sep Oct Nov Dec
V/Λ1991 > Jan Feb Mar Apr May Jun Jul Aug Sep Oct Nov Dec
V/Λ1990 > Jan Feb Mar Apr May Jun Jul Aug Sep Oct Nov Dec
V/Λ1989 > Jan Feb Mar Apr May Jun Jul Aug Sep Oct Nov Dec
V/Λ1988 > Jan Feb Mar Apr May Jun Jul Aug Sep Oct Nov Dec
V/Λ1987 > Jan Feb Mar Apr May Jun Jul Aug Sep Oct Nov Dec
V/Λ1986 > Jan Feb Mar Apr May Jun Jul Aug Sep Oct Nov Dec
V/Λ1985 > Jan Feb Mar Apr May Jun Jul Aug Sep Oct Nov Dec
V/Λ1984 > Jan Feb Mar Apr May Jun Jul Aug Sep Oct Nov Dec
V/Λ1983 > Jan Feb Mar Apr May Jun Jul Aug Sep Oct Nov Dec
V/Λ1982 > Jan Feb Mar Apr May Jun Jul Aug Sep Oct Nov Dec
V/Λ1981 > Jan Feb Mar Apr May Jun Jul Aug Sep Oct Nov Dec
V/Λ1980 > Jan Feb Mar Apr May Jun Jul Aug Sep Oct Nov Dec

Report for 2014 Oct
                   Monthly Climatological Summary for Oct 2014

Name: www.anoliosia.meteoclub .gr   City: Ano Liosia   State: Attiki
Elevation: 160 m  Lat: N 38 08' 03"   Lon: E 023 07' 58"

                  Temperature (C), Rain (mm), Wind Speed (km/h)

                                      Heat  Cool        Avg
    Mean                              Deg   Deg         Wind                 Dom
Day Temp  High   Time   Low    Time   Days  Days  Rain  Speed High   Time    Dir
----------------------------------------------------------------------------------
 1  19.6  27.8   13:59  12.0   07:31   1.9   3.2   0.0   4.3  33.0   14:33    NE
 2  20.8  26.7   13:19  14.3   07:15   0.6   3.1   0.0   7.1  32.0   16:23   NNW
 3  20.5  26.3   22:35  20.0   00:00   0.0   2.2   0.0  11.0  19.0   00:00   NNE
 4  20.7  26.6   17:35  14.3   11:35   0.7   3.0   0.0   6.0  23.0   19:05    NW
 5  17.6  22.4   15:06  13.1   04:36   1.5   0.7   0.0   5.5  34.0   10:31     N
 6  19.3  24.1   13:26  15.8   06:09   0.6   1.6   0.0   4.0  18.0   14:04   NNE
 7  19.9  26.7   14:01  15.9   23:46   0.4   2.0   3.6   4.6  45.0   16:11   SSW
 8  19.0  24.9   14:55  15.0   06:01   1.0   1.8   1.2   4.9  32.0   16:32   NNE
 9  20.5  26.2   15:15  16.8   05:30   0.3   2.5   0.0   5.5  26.0   12:04   ESE
10  19.2  24.8   15:24  14.5   07:40   1.1   2.1   0.0   5.3  39.0   14:00   NNW
11  19.6  25.7   15:51  14.5   06:39   1.2   2.5   0.0   4.7  32.0   08:21   SSE
12  18.4  25.2   14:12  12.1   07:47   2.0   2.1   0.0   3.6  23.0   16:34     E
13  18.8  25.5   14:32  12.8   08:00   1.5   2.0   0.0   3.1  18.0   15:28   ESE
14  19.6  26.3   14:34  14.7   05:08   1.1   2.4   0.0   3.3  19.0   17:06   ESE
15  20.4  25.9   15:17  15.5   07:27   0.7   2.8   0.0   4.0  21.0   13:57   SSE
16  22.7  28.9   15:07  17.7   06:36   0.1   4.5   0.0   5.8  27.0   15:34   SSW
17  24.4  27.4   15:25  22.2   01:25   0.0   6.1   0.0  10.2  43.0   04:09   SSW
18  24.0  30.8   13:34  19.4   07:31   0.0   5.7   0.0  11.5  67.0   19:33   NNW
19  18.6  21.6   15:46  13.9   23:27   0.7   1.0   0.0  15.3  53.0   11:03     N
20  17.8  26.8   17:48  12.1   07:56   2.2   1.8   0.0   5.0  26.0   02:41   ESE
21  17.5  25.0   13:50  10.6   06:56   2.7   1.8   0.0   3.6  23.0   16:58    SE
22  18.8  24.6   17:52  12.5   05:49   1.8   2.2   0.0   5.3  39.0   23:46   SSE
23  19.0  21.9   10:32  13.7   23:36   0.7   1.4   0.6  15.7  61.0   18:13     S
24  13.8  16.5   14:39  11.1   03:29   4.5   0.0  55.2   6.8  56.0   15:42    SE
25  12.7  16.1   16:29  10.8   05:51   5.6   0.0   1.5   3.7  27.0   15:08   WNW
26  13.7  17.2   12:48  10.7   00:27   4.8   0.0   0.0   6.7  46.0   16:42     N
27  13.1  17.0   12:00  10.9   05:54   4.5   0.0   0.0   9.1  39.0   18:52     N
28  13.2  14.8   16:05  11.8   23:41   5.1   0.0   0.0  10.8  39.0   08:24     N
29  14.2  17.5   11:58  11.7   00:01   4.1   0.0   0.9   2.7  19.0   21:56   SSW
30  14.5  20.2   14:07  10.0   07:04   3.9   0.1   0.0   3.0  24.0   14:33   ENE
31  12.5  16.0   09:25  10.6   04:09   5.8   0.0   0.0  10.1  43.0   19:05   NNE
----------------------------------------------------------------------------------
    18.2  30.8    18    10.0    30    61.1  58.6  63.0   6.5  67.0    18     NNE

Max >=  27.0:  4
Max <=   0.0:  0
Min <=   0.0:  0
Min <= -18.0:  0
Max Rain: 55.2 on day 24
Days of Rain: 6 (>= 0.2 mm)  2 (>= 2.0 mm)  1 (>= 20.0 mm)
Heat Base: 18.3  Cool Base: 18.3  Method: Integration