2011 2012 2013

NOAA style reports

NOAA-style Climate Reports

Select a Year or Month report
V/Λ2017 > Jan Feb Mar Apr May Jun Jul Aug Sep Oct Nov Dec
V/Λ2016 > Jan Feb Mar Apr May Jun Jul Aug Sep Oct Nov Dec
V/Λ2015 > Jan Feb Mar Apr May Jun Jul Aug Sep Oct Nov Dec
V/Λ2014 > Jan Feb Mar Apr May Jun Jul Aug Sep Oct Nov Dec
V/Λ2013 > Jan Feb Mar Apr May Jun Jul Aug Sep Oct Nov Dec
V/Λ2012 > Jan Feb Mar Apr May Jun Jul Aug Sep Oct Nov Dec
V/Λ2011 > Jan Feb Mar Apr May Jun Jul Aug Sep Oct Nov Dec
V/Λ2010 > Jan Feb Mar Apr May Jun Jul Aug Sep Oct Nov Dec
V/Λ2009 > Jan Feb Mar Apr May Jun Jul Aug Sep Oct Nov Dec
V/Λ2008 > Jan Feb Mar Apr May Jun Jul Aug Sep Oct Nov Dec
V/Λ2007 > Jan Feb Mar Apr May Jun Jul Aug Sep Oct Nov Dec
V/Λ2006 > Jan Feb Mar Apr May Jun Jul Aug Sep Oct Nov Dec
V/Λ2005 > Jan Feb Mar Apr May Jun Jul Aug Sep Oct Nov Dec
V/Λ2004 > Jan Feb Mar Apr May Jun Jul Aug Sep Oct Nov Dec
V/Λ2003 > Jan Feb Mar Apr May Jun Jul Aug Sep Oct Nov Dec
V/Λ2002 > Jan Feb Mar Apr May Jun Jul Aug Sep Oct Nov Dec
V/Λ2001 > Jan Feb Mar Apr May Jun Jul Aug Sep Oct Nov Dec
V/Λ2000 > Jan Feb Mar Apr May Jun Jul Aug Sep Oct Nov Dec
V/Λ1999 > Jan Feb Mar Apr May Jun Jul Aug Sep Oct Nov Dec
V/Λ1998 > Jan Feb Mar Apr May Jun Jul Aug Sep Oct Nov Dec
V/Λ1997 > Jan Feb Mar Apr May Jun Jul Aug Sep Oct Nov Dec
V/Λ1996 > Jan Feb Mar Apr May Jun Jul Aug Sep Oct Nov Dec
V/Λ1995 > Jan Feb Mar Apr May Jun Jul Aug Sep Oct Nov Dec
V/Λ1994 > Jan Feb Mar Apr May Jun Jul Aug Sep Oct Nov Dec
V/Λ1993 > Jan Feb Mar Apr May Jun Jul Aug Sep Oct Nov Dec
V/Λ1992 > Jan Feb Mar Apr May Jun Jul Aug Sep Oct Nov Dec
V/Λ1991 > Jan Feb Mar Apr May Jun Jul Aug Sep Oct Nov Dec
V/Λ1990 > Jan Feb Mar Apr May Jun Jul Aug Sep Oct Nov Dec
V/Λ1989 > Jan Feb Mar Apr May Jun Jul Aug Sep Oct Nov Dec
V/Λ1988 > Jan Feb Mar Apr May Jun Jul Aug Sep Oct Nov Dec
V/Λ1987 > Jan Feb Mar Apr May Jun Jul Aug Sep Oct Nov Dec
V/Λ1986 > Jan Feb Mar Apr May Jun Jul Aug Sep Oct Nov Dec
V/Λ1985 > Jan Feb Mar Apr May Jun Jul Aug Sep Oct Nov Dec
V/Λ1984 > Jan Feb Mar Apr May Jun Jul Aug Sep Oct Nov Dec
V/Λ1983 > Jan Feb Mar Apr May Jun Jul Aug Sep Oct Nov Dec
V/Λ1982 > Jan Feb Mar Apr May Jun Jul Aug Sep Oct Nov Dec
V/Λ1981 > Jan Feb Mar Apr May Jun Jul Aug Sep Oct Nov Dec
V/Λ1980 > Jan Feb Mar Apr May Jun Jul Aug Sep Oct Nov Dec

Report for 2014 Aug
                   Monthly Climatological Summary for Aug 2014

Name: www.anoliosia.meteoclub .gr   City: Ano Liosia   State: Attiki
Elevation: 160 m  Lat: N 38 08' 03"   Lon: E 023 07' 58"

                  Temperature (C), Rain (mm), Wind Speed (km/h)

                                      Heat  Cool        Avg
    Mean                              Deg   Deg         Wind                 Dom
Day Temp  High   Time   Low    Time   Days  Days  Rain  Speed High   Time    Dir
----------------------------------------------------------------------------------
 1  27.4  31.2   23:36  23.0   19:06   0.0   9.1   0.0   7.3  39.0   00:36     N
 2  28.3  33.9   05:06  22.4   19:06   0.0  10.0   0.0   6.3  22.0   01:06     N
 3  27.8  33.4   03:06  22.6   19:06   0.0   9.5   0.0   7.1  22.0   04:36     S
 4  27.3  30.9   03:06  23.1   19:06   0.0   9.0   0.0   8.8  31.0   04:06     S
 5  26.5  30.7   01:36  21.8   19:36   0.0   8.2   0.0   5.7  27.0   23:06   ENE
 6  27.4  31.7   03:36  23.0   19:06   0.0   9.1   0.0   6.7  28.0   01:06   NNE
 7  28.5  32.7   06:06  22.8   19:36   0.0  10.2   0.0   6.5  42.0   03:06   NNW
 8  28.5  33.8   01:36  23.5   19:36   0.0  10.2   0.0   5.8  26.0   05:36   SSE
 9  28.9  34.4   02:36  23.9   19:06   0.0  10.6   0.0   6.8  30.0   04:36    SE
10  26.8  34.3   11:39  23.8   05:36   0.0   4.2   0.0   4.6  16.0   11:10    NE
11  29.5  35.0   14:54  23.4   06:12   0.0  11.2   1.8   7.4  44.0   14:32     N
12  29.7  35.3   17:14  23.6   06:12   0.0  11.4   0.0   6.6  37.0   10:53     N
13  30.2  35.7   15:53  24.4   03:41   0.0  11.9   0.0  10.0  55.0   11:01     N
14  29.8  37.0   15:19  23.5   06:31   0.0  11.5   0.0   6.3  34.0   09:17     S
15  30.0  36.8   14:49  23.9   06:37   0.0  11.6   0.0   6.4  27.0   16:50   SSE
16  30.4  36.8   17:17  23.7   06:45   0.0  12.1   0.0   5.6  26.0   16:13   SSE
17  29.1  35.3   15:07  22.8   07:15   0.0  10.8   0.0   6.9  45.0   21:48   WNW
18  24.7  28.2   16:39  22.1   23:56   0.0   6.4   0.0  13.0  46.0   09:11   NNE
19  25.4  31.2   16:02  21.2   00:43   0.0   7.1   0.0   7.1  46.0   17:22   NNE
20  26.0  33.5   15:27  19.4   06:39   0.0   7.7   0.0   5.7  27.0   18:14   ESE
21  25.0  25.0   00:00  25.0   00:00   0.0   6.7   0.0   1.0   0.0   00:00    SE
22  27.1  33.9   15:47  25.0   00:00   0.0   8.8   0.0   3.2  30.0   16:19   SSE
23  29.5  35.9   12:51  23.1   06:57   0.0  11.2   0.0   5.6  27.0   13:48    SE
24  29.9  36.6   14:31  23.4   06:42   0.0  11.6   0.0   6.2  36.0   17:37    SE
25  28.6  34.5   13:59  23.8   06:59   0.0  10.3   0.0   9.7  39.0   16:36     N
26  27.4  31.6   17:31  24.5   02:48   0.0   8.7   0.0  10.7  33.0   10:59   NNE
27  26.9  33.8   12:43  22.1   06:41   0.0   8.6   0.0   5.1  26.0   17:50   SSE
28  29.3  35.2   12:44  22.2   06:28   0.0  11.2   0.0   9.3  39.0   23:42    NE
29  27.3  30.4   14:59  24.1   23:58   0.0   8.9   0.0  17.4  50.0   17:33   NNE
30  25.1  29.9   12:30  21.5   05:11   0.0   6.8   0.0   9.1  48.0   16:08     N
31  25.3  30.4   17:30  20.5   06:49   0.0   7.0   0.0   6.7  44.0   12:49   NNW
----------------------------------------------------------------------------------
    27.9  37.0    14    19.4    20     0.0 291.6   1.8   7.4  55.0    13      NE

Max >=  27.0: 30
Max <=   0.0:  0
Min <=   0.0:  0
Min <= -18.0:  0
Max Rain: 1.8 on day 11
Days of Rain: 1 (>= 0.2 mm)  0 (>= 2.0 mm)  0 (>= 20.0 mm)
Heat Base: 18.3  Cool Base: 18.3  Method: Integration