2011 2012 2013

NOAA style reports

NOAA-style Climate Reports

Select a Year or Month report
V/Λ2017 > Jan Feb Mar Apr May Jun Jul Aug Sep Oct Nov Dec
V/Λ2016 > Jan Feb Mar Apr May Jun Jul Aug Sep Oct Nov Dec
V/Λ2015 > Jan Feb Mar Apr May Jun Jul Aug Sep Oct Nov Dec
V/Λ2014 > Jan Feb Mar Apr May Jun Jul Aug Sep Oct Nov Dec
V/Λ2013 > Jan Feb Mar Apr May Jun Jul Aug Sep Oct Nov Dec
V/Λ2012 > Jan Feb Mar Apr May Jun Jul Aug Sep Oct Nov Dec
V/Λ2011 > Jan Feb Mar Apr May Jun Jul Aug Sep Oct Nov Dec
V/Λ2010 > Jan Feb Mar Apr May Jun Jul Aug Sep Oct Nov Dec
V/Λ2009 > Jan Feb Mar Apr May Jun Jul Aug Sep Oct Nov Dec
V/Λ2008 > Jan Feb Mar Apr May Jun Jul Aug Sep Oct Nov Dec
V/Λ2007 > Jan Feb Mar Apr May Jun Jul Aug Sep Oct Nov Dec
V/Λ2006 > Jan Feb Mar Apr May Jun Jul Aug Sep Oct Nov Dec
V/Λ2005 > Jan Feb Mar Apr May Jun Jul Aug Sep Oct Nov Dec
V/Λ2004 > Jan Feb Mar Apr May Jun Jul Aug Sep Oct Nov Dec
V/Λ2003 > Jan Feb Mar Apr May Jun Jul Aug Sep Oct Nov Dec
V/Λ2002 > Jan Feb Mar Apr May Jun Jul Aug Sep Oct Nov Dec
V/Λ2001 > Jan Feb Mar Apr May Jun Jul Aug Sep Oct Nov Dec
V/Λ2000 > Jan Feb Mar Apr May Jun Jul Aug Sep Oct Nov Dec
V/Λ1999 > Jan Feb Mar Apr May Jun Jul Aug Sep Oct Nov Dec
V/Λ1998 > Jan Feb Mar Apr May Jun Jul Aug Sep Oct Nov Dec
V/Λ1997 > Jan Feb Mar Apr May Jun Jul Aug Sep Oct Nov Dec
V/Λ1996 > Jan Feb Mar Apr May Jun Jul Aug Sep Oct Nov Dec
V/Λ1995 > Jan Feb Mar Apr May Jun Jul Aug Sep Oct Nov Dec
V/Λ1994 > Jan Feb Mar Apr May Jun Jul Aug Sep Oct Nov Dec
V/Λ1993 > Jan Feb Mar Apr May Jun Jul Aug Sep Oct Nov Dec
V/Λ1992 > Jan Feb Mar Apr May Jun Jul Aug Sep Oct Nov Dec
V/Λ1991 > Jan Feb Mar Apr May Jun Jul Aug Sep Oct Nov Dec
V/Λ1990 > Jan Feb Mar Apr May Jun Jul Aug Sep Oct Nov Dec
V/Λ1989 > Jan Feb Mar Apr May Jun Jul Aug Sep Oct Nov Dec
V/Λ1988 > Jan Feb Mar Apr May Jun Jul Aug Sep Oct Nov Dec
V/Λ1987 > Jan Feb Mar Apr May Jun Jul Aug Sep Oct Nov Dec
V/Λ1986 > Jan Feb Mar Apr May Jun Jul Aug Sep Oct Nov Dec
V/Λ1985 > Jan Feb Mar Apr May Jun Jul Aug Sep Oct Nov Dec
V/Λ1984 > Jan Feb Mar Apr May Jun Jul Aug Sep Oct Nov Dec
V/Λ1983 > Jan Feb Mar Apr May Jun Jul Aug Sep Oct Nov Dec
V/Λ1982 > Jan Feb Mar Apr May Jun Jul Aug Sep Oct Nov Dec
V/Λ1981 > Jan Feb Mar Apr May Jun Jul Aug Sep Oct Nov Dec
V/Λ1980 > Jan Feb Mar Apr May Jun Jul Aug Sep Oct Nov Dec

Report for 2014 May
                   Monthly Climatological Summary for May 2014

Name: www.anoliosia.meteoclub .gr   City: Ano Liosia   State: Attiki
Elevation: 160 m  Lat: N 38 08' 03"   Lon: E 023 07' 58"

                  Temperature (C), Rain (mm), Wind Speed (km/h)

                                      Heat  Cool        Avg
    Mean                              Deg   Deg         Wind                 Dom
Day Temp  High   Time   Low    Time   Days  Days  Rain  Speed High   Time    Dir
----------------------------------------------------------------------------------
 1  16.9  22.4   14:25  11.4   06:38   2.2   0.8   0.0   6.9  34.0   16:00     S
 2  17.6  23.4   12:52  12.2   06:26   1.9   1.2   0.0   5.2  27.0   17:37     S
 3  17.3  21.8   15:20  12.8   05:40   1.6   0.7   0.0   5.1  31.0   13:07     S
 4  18.6  23.5   15:18  13.9   07:10   1.0   1.3   0.0   6.7  37.0   14:23     S
 5  17.3  22.9   11:18  14.2   04:58   1.7   0.7   0.6   4.8  27.0   05:41    NE
 6  16.0  20.3   11:40  12.8   04:34   2.5   0.2   0.3   8.4  42.0   11:50     N
 7  17.2  22.1   12:48  12.8   02:02   2.2   1.1   0.0   6.6  37.0   12:57    NW
 8  17.9  25.0   14:17  10.1   05:56   2.4   2.0   0.0   6.0  33.0   17:13    NW
 9  18.4  22.9   16:43  13.4   02:38   1.3   1.4   0.0  10.0  48.0   06:29   NNW
10  18.0  23.6   15:30  14.5   05:11   1.4   1.2   0.3   5.7  24.0   16:30   SSE
11  19.8  26.0   11:56  13.3   06:24   1.3   2.7   0.0   4.9  27.0   18:37   SSE
12  19.8  25.4   14:10  14.3   06:40   0.9   2.4   0.0   7.6  33.0   12:10     S
13  21.4  26.9   12:04  16.0   06:33   0.4   3.5   0.0   5.0  28.0   15:28   SSE
14  20.6  25.8   17:56  16.0   06:39   0.4   2.7   0.0  17.2  65.0   14:39     S
15  17.9  21.6   15:27  14.7   06:33   1.2   0.8   0.0  18.5  58.0   10:28   WSW
16  16.8  21.8   15:16  12.7   05:54   2.1   0.6   0.0  11.9  43.0   19:04   SSW
17  16.9  21.3   14:16  11.9   06:20   2.0   0.7   0.0   9.7  36.0   12:36   SSW
18  18.2  23.1   12:19  12.4   06:33   1.5   1.5   0.0   6.0  27.0   16:18   SSE
19  17.2  21.8   14:21  13.2   06:13   1.8   0.7   0.0   4.3  24.0   16:51     S
20  20.3  27.0   14:01  14.0   06:22   1.1   3.1   0.0   4.4  24.0   13:37   ENE
21  21.5  26.6   16:48  15.5   04:49   0.6   3.8   0.0   9.9  45.0   10:36     N
22  23.2  28.0   15:54  18.1   06:16   0.0   4.9   0.0   9.5  50.0   10:24     N
23  23.3  28.5   16:24  18.3   06:14   0.0   5.0   0.0   6.1  37.0   10:55    NE
24  22.8  28.9   13:50  16.6   05:36   0.2   4.7   0.0   5.5  32.0   14:32   SSE
25  24.0  30.2   12:22  17.8   06:27   0.0   5.7   0.0   4.8  30.0   13:13    SE
26  24.8  30.7   13:15  19.5   05:53   0.0   6.5   0.0   5.2  24.0   13:17   SSE
27  24.6  30.3   13:37  19.7   05:50   0.0   6.3   0.0   6.6  30.0   15:33    SE
28  25.0  31.8   14:32  19.3   06:33   0.0   6.7   0.0   6.4  36.0   15:46   SSE
29  22.9  28.0   11:05  19.2   06:49   0.0   4.6   0.0   9.1  60.0   17:55   SSE
30  20.9  24.7   15:05  16.9   04:58   0.2   2.8   0.0  12.2  55.0   10:44    SW
31  21.0  26.2   14:43  16.6   05:48   0.1   2.9   0.0   7.8  44.0   15:22   SSW
----------------------------------------------------------------------------------
    19.9  31.8    28    10.1     8    32.0  83.2   1.2   7.6  65.0    14       S

Max >=  27.0:  9
Max <=   0.0:  0
Min <=   0.0:  0
Min <= -18.0:  0
Max Rain: 0.6 on day 5
Days of Rain: 3 (>= 0.2 mm)  0 (>= 2.0 mm)  0 (>= 20.0 mm)
Heat Base: 18.3  Cool Base: 18.3  Method: Integration