2011 2012 2013

NOAA style reports

NOAA-style Climate Reports

Select a Year or Month report
V/Λ2017 > Jan Feb Mar Apr May Jun Jul Aug Sep Oct Nov Dec
V/Λ2016 > Jan Feb Mar Apr May Jun Jul Aug Sep Oct Nov Dec
V/Λ2015 > Jan Feb Mar Apr May Jun Jul Aug Sep Oct Nov Dec
V/Λ2014 > Jan Feb Mar Apr May Jun Jul Aug Sep Oct Nov Dec
V/Λ2013 > Jan Feb Mar Apr May Jun Jul Aug Sep Oct Nov Dec
V/Λ2012 > Jan Feb Mar Apr May Jun Jul Aug Sep Oct Nov Dec
V/Λ2011 > Jan Feb Mar Apr May Jun Jul Aug Sep Oct Nov Dec
V/Λ2010 > Jan Feb Mar Apr May Jun Jul Aug Sep Oct Nov Dec
V/Λ2009 > Jan Feb Mar Apr May Jun Jul Aug Sep Oct Nov Dec
V/Λ2008 > Jan Feb Mar Apr May Jun Jul Aug Sep Oct Nov Dec
V/Λ2007 > Jan Feb Mar Apr May Jun Jul Aug Sep Oct Nov Dec
V/Λ2006 > Jan Feb Mar Apr May Jun Jul Aug Sep Oct Nov Dec
V/Λ2005 > Jan Feb Mar Apr May Jun Jul Aug Sep Oct Nov Dec
V/Λ2004 > Jan Feb Mar Apr May Jun Jul Aug Sep Oct Nov Dec
V/Λ2003 > Jan Feb Mar Apr May Jun Jul Aug Sep Oct Nov Dec
V/Λ2002 > Jan Feb Mar Apr May Jun Jul Aug Sep Oct Nov Dec
V/Λ2001 > Jan Feb Mar Apr May Jun Jul Aug Sep Oct Nov Dec
V/Λ2000 > Jan Feb Mar Apr May Jun Jul Aug Sep Oct Nov Dec
V/Λ1999 > Jan Feb Mar Apr May Jun Jul Aug Sep Oct Nov Dec
V/Λ1998 > Jan Feb Mar Apr May Jun Jul Aug Sep Oct Nov Dec
V/Λ1997 > Jan Feb Mar Apr May Jun Jul Aug Sep Oct Nov Dec
V/Λ1996 > Jan Feb Mar Apr May Jun Jul Aug Sep Oct Nov Dec
V/Λ1995 > Jan Feb Mar Apr May Jun Jul Aug Sep Oct Nov Dec
V/Λ1994 > Jan Feb Mar Apr May Jun Jul Aug Sep Oct Nov Dec
V/Λ1993 > Jan Feb Mar Apr May Jun Jul Aug Sep Oct Nov Dec
V/Λ1992 > Jan Feb Mar Apr May Jun Jul Aug Sep Oct Nov Dec
V/Λ1991 > Jan Feb Mar Apr May Jun Jul Aug Sep Oct Nov Dec
V/Λ1990 > Jan Feb Mar Apr May Jun Jul Aug Sep Oct Nov Dec
V/Λ1989 > Jan Feb Mar Apr May Jun Jul Aug Sep Oct Nov Dec
V/Λ1988 > Jan Feb Mar Apr May Jun Jul Aug Sep Oct Nov Dec
V/Λ1987 > Jan Feb Mar Apr May Jun Jul Aug Sep Oct Nov Dec
V/Λ1986 > Jan Feb Mar Apr May Jun Jul Aug Sep Oct Nov Dec
V/Λ1985 > Jan Feb Mar Apr May Jun Jul Aug Sep Oct Nov Dec
V/Λ1984 > Jan Feb Mar Apr May Jun Jul Aug Sep Oct Nov Dec
V/Λ1983 > Jan Feb Mar Apr May Jun Jul Aug Sep Oct Nov Dec
V/Λ1982 > Jan Feb Mar Apr May Jun Jul Aug Sep Oct Nov Dec
V/Λ1981 > Jan Feb Mar Apr May Jun Jul Aug Sep Oct Nov Dec
V/Λ1980 > Jan Feb Mar Apr May Jun Jul Aug Sep Oct Nov Dec

Report for 2014 Mar
                   Monthly Climatological Summary for Mar 2014

Name: www.anoliosia.meteoclub .gr   City: Ano Liosia   State: Attiki
Elevation: 160 m  Lat: N 38 08' 03"   Lon: E 023 07' 58"

                  Temperature (C), Rain (mm), Wind Speed (km/h)

                                      Heat  Cool        Avg
    Mean                              Deg   Deg         Wind                 Dom
Day Temp  High   Time   Low    Time   Days  Days  Rain  Speed High   Time    Dir
----------------------------------------------------------------------------------
 1  11.6  12.7   11:24  10.7   17:47   6.7   0.0  14.1   3.7  33.0   12:08    SE
 2  12.5  15.8   13:40   9.7   22:53   5.8   0.0   4.8   7.0  42.0   12:38   SSW
 3  11.4  12.9   04:51   8.9   23:07   6.9   0.0  15.0   5.9  44.0   08:58   SSE
 4  12.1  16.9   13:51   8.3   07:16   6.2   0.0   4.2   7.3  38.0   19:39     S
 5   8.0  11.3   00:14   6.9   06:10  10.3   0.0   0.3   2.1  17.0   00:11   ENE
 6   9.0  13.6   17:16   7.6   00:00   9.4   0.0   7.5   3.6  17.0   17:42   ESE
 7  11.4  16.7   13:58   8.8   05:18   6.9   0.0   1.8   4.4  24.0   02:26   NNE
 8  10.4  12.8   09:11   8.8   02:08   8.3   0.0   0.3   5.8  38.0   23:55   NNE
 9   8.3  10.2   00:00   7.2   23:19  10.0   0.0   0.3  15.1  51.0   12:03     N
10   8.5  11.1   11:09   7.4   00:00   9.8   0.0   0.3  10.4  58.0   13:36    NW
11   8.3  11.0   13:06   6.2   07:16  10.0   0.0   0.0   8.7  48.0   15:24   WNW
12  10.5  14.8   15:29   7.0   04:15   7.8   0.0   0.0   8.1  49.0   16:02    NW
13  10.2  15.0   15:52   5.0   05:36   8.1   0.0   0.0   5.8  42.0   13:17   NNW
14  11.2  18.2   15:32   5.4   03:41   7.1   0.0   0.0   4.5  31.0   12:51    NE
15  11.6  18.5   11:56   4.9   05:15   6.7   0.0   0.0   3.8  26.0   12:57     S
16  14.4  20.4   12:59   7.7   07:02   4.0   0.1   0.0   3.6  21.0   13:12     E
17  13.1  19.4   15:49   7.8   10:49   5.3   0.1   0.0   2.7  16.0   18:49     E
18  15.8  23.8   12:09   8.7   06:16   3.8   1.3   0.0   3.1  24.0   14:44   SSE
19  15.7  23.7   14:06   8.5   06:18   3.7   1.1   0.0   4.1  30.0   14:13     S
20  14.9  18.6   09:43   9.7   23:48   3.5   0.0   0.0  11.4  73.0   07:27   NNE
21  14.8  19.5   16:27   9.3   02:31   3.6   0.1   0.0   8.0  43.0   10:54     N
22  14.3  22.1   13:37   6.7   05:55   4.7   0.6   0.0   3.4  23.0   16:01   SSE
23  14.5  21.0   11:45   8.8   06:05   4.2   0.4   0.0   3.7  23.0   14:20   SSE
24  12.0  15.9   18:23  11.5   00:00   6.3   0.0   0.0   0.6  19.0   23:56     S
25  13.9  17.3   15:25  10.3   06:27   4.4   0.0   0.0  12.9  45.0   09:35    SW
26  14.5  18.4   15:14  10.4   06:28   3.8   0.0   0.0   7.2  38.0   13:24   SSE
27  15.9  21.3   13:31  12.0   06:52   2.6   0.2   0.0   5.1  28.0   14:48   ENE
28  15.5  21.0   14:51  10.9   06:31   3.1   0.3   0.0   6.2  30.0   15:54   SSW
29  13.4  16.8   14:25  10.5   23:48   4.9   0.0   0.6   7.4  50.0   09:49   NNW
30  12.3  16.2   16:35   9.4   07:36   5.8   0.0   0.0  12.2  48.0   07:47   NNE
31  12.0  19.2   14:38   5.0   06:58   6.3   0.0   0.0   4.5  28.0   12:32    SE
----------------------------------------------------------------------------------
    12.3  23.8    18     4.9    15   190.0   4.2  49.2   6.3  73.0    20     NNE

Max >=  27.0:  0
Max <=   0.0:  0
Min <=   0.0:  0
Min <= -18.0:  0
Max Rain: 15.0 on day 3
Days of Rain: 11 (>= 0.2 mm)  5 (>= 2.0 mm)  0 (>= 20.0 mm)
Heat Base: 18.3  Cool Base: 18.3  Method: Integration