2011 2012 2013

NOAA style reports

NOAA-style Climate Reports

Select a Year or Month report
V/Λ2017 > Jan Feb Mar Apr May Jun Jul Aug Sep Oct Nov Dec
V/Λ2016 > Jan Feb Mar Apr May Jun Jul Aug Sep Oct Nov Dec
V/Λ2015 > Jan Feb Mar Apr May Jun Jul Aug Sep Oct Nov Dec
V/Λ2014 > Jan Feb Mar Apr May Jun Jul Aug Sep Oct Nov Dec
V/Λ2013 > Jan Feb Mar Apr May Jun Jul Aug Sep Oct Nov Dec
V/Λ2012 > Jan Feb Mar Apr May Jun Jul Aug Sep Oct Nov Dec
V/Λ2011 > Jan Feb Mar Apr May Jun Jul Aug Sep Oct Nov Dec
V/Λ2010 > Jan Feb Mar Apr May Jun Jul Aug Sep Oct Nov Dec
V/Λ2009 > Jan Feb Mar Apr May Jun Jul Aug Sep Oct Nov Dec
V/Λ2008 > Jan Feb Mar Apr May Jun Jul Aug Sep Oct Nov Dec
V/Λ2007 > Jan Feb Mar Apr May Jun Jul Aug Sep Oct Nov Dec
V/Λ2006 > Jan Feb Mar Apr May Jun Jul Aug Sep Oct Nov Dec
V/Λ2005 > Jan Feb Mar Apr May Jun Jul Aug Sep Oct Nov Dec
V/Λ2004 > Jan Feb Mar Apr May Jun Jul Aug Sep Oct Nov Dec
V/Λ2003 > Jan Feb Mar Apr May Jun Jul Aug Sep Oct Nov Dec
V/Λ2002 > Jan Feb Mar Apr May Jun Jul Aug Sep Oct Nov Dec
V/Λ2001 > Jan Feb Mar Apr May Jun Jul Aug Sep Oct Nov Dec
V/Λ2000 > Jan Feb Mar Apr May Jun Jul Aug Sep Oct Nov Dec
V/Λ1999 > Jan Feb Mar Apr May Jun Jul Aug Sep Oct Nov Dec
V/Λ1998 > Jan Feb Mar Apr May Jun Jul Aug Sep Oct Nov Dec
V/Λ1997 > Jan Feb Mar Apr May Jun Jul Aug Sep Oct Nov Dec
V/Λ1996 > Jan Feb Mar Apr May Jun Jul Aug Sep Oct Nov Dec
V/Λ1995 > Jan Feb Mar Apr May Jun Jul Aug Sep Oct Nov Dec
V/Λ1994 > Jan Feb Mar Apr May Jun Jul Aug Sep Oct Nov Dec
V/Λ1993 > Jan Feb Mar Apr May Jun Jul Aug Sep Oct Nov Dec
V/Λ1992 > Jan Feb Mar Apr May Jun Jul Aug Sep Oct Nov Dec
V/Λ1991 > Jan Feb Mar Apr May Jun Jul Aug Sep Oct Nov Dec
V/Λ1990 > Jan Feb Mar Apr May Jun Jul Aug Sep Oct Nov Dec
V/Λ1989 > Jan Feb Mar Apr May Jun Jul Aug Sep Oct Nov Dec
V/Λ1988 > Jan Feb Mar Apr May Jun Jul Aug Sep Oct Nov Dec
V/Λ1987 > Jan Feb Mar Apr May Jun Jul Aug Sep Oct Nov Dec
V/Λ1986 > Jan Feb Mar Apr May Jun Jul Aug Sep Oct Nov Dec
V/Λ1985 > Jan Feb Mar Apr May Jun Jul Aug Sep Oct Nov Dec
V/Λ1984 > Jan Feb Mar Apr May Jun Jul Aug Sep Oct Nov Dec
V/Λ1983 > Jan Feb Mar Apr May Jun Jul Aug Sep Oct Nov Dec
V/Λ1982 > Jan Feb Mar Apr May Jun Jul Aug Sep Oct Nov Dec
V/Λ1981 > Jan Feb Mar Apr May Jun Jul Aug Sep Oct Nov Dec
V/Λ1980 > Jan Feb Mar Apr May Jun Jul Aug Sep Oct Nov Dec

Report for 2014 Feb
                   Monthly Climatological Summary for Feb 2014

Name: www.anoliosia.meteoclub .gr   City: Ano Liosia   State: Attiki
Elevation: 160 m  Lat: N 38 08' 03"   Lon: E 023 07' 58"

                  Temperature (C), Rain (mm), Wind Speed (km/h)

                                      Heat  Cool        Avg
    Mean                              Deg   Deg         Wind                 Dom
Day Temp  High   Time   Low    Time   Days  Days  Rain  Speed High   Time    Dir
----------------------------------------------------------------------------------
 1   7.8   9.9   12:57   6.7   05:24  10.4   0.0   0.0   9.3  48.0   07:38   NNE
 2   9.2  11.0   13:44   7.1   00:24   9.1   0.0   0.0  13.0  53.0   23:10   NNE
 3   9.3  10.9   11:22   8.2   20:26   9.0   0.0   0.0  20.0  58.0   14:09   NNE
 4   8.4  10.0   15:45   7.0   06:08   9.9   0.0   0.0   6.9  40.0   00:10     N
 5   8.9  10.6   13:37   7.5   02:49   9.4   0.0   0.0   7.2  28.0   11:08   NNE
 6   8.8  12.3   12:09   4.7   07:40   9.5   0.0  11.1   3.8  34.0   23:47   NNE
 7  11.6  16.5   14:52   9.2   00:00   6.7   0.0   1.5   8.2  33.0   08:50   NNE
 8  12.7  16.5   12:44   9.4   00:00   5.6   0.0   0.0   4.8  32.0   17:35   SSE
 9  13.2  17.5   14:56   9.9   04:50   5.1   0.0   0.9   4.0  28.0   13:20   SSW
10  13.4  18.6   15:14   9.2   07:46   4.9   0.0   0.0   4.3  22.0   14:57   SSW
11  13.2  19.1   11:48   7.9   06:13   5.1   0.0   0.0   3.2  19.0   15:40   SSW
12  14.6  18.5   13:53  10.3   04:49   3.7   0.0   0.0   6.5  32.0   15:31   SSE
13  12.2  17.0   14:57   8.5   06:40   6.1   0.0   0.0   3.8  24.0   13:18   SSW
14  11.8  16.9   14:45   7.2   07:33   6.5   0.0   0.0   6.3  42.0   11:58   WSW
15  11.4  16.7   12:14   7.2   23:55   6.9   0.0   0.0   5.9  36.0   08:54   NNW
16  11.2  18.8   14:01   4.4   07:14   7.1   0.0   0.0   2.5  18.0   16:12   SSE
17  12.3  20.0   14:19   6.2   06:22   6.1   0.1   0.0   3.4  21.0   12:31     S
18  14.6  21.2   13:59   6.8   07:24   4.1   0.4   0.0   3.5  17.0   15:42     S
19  13.1  19.3   00:11   0.0   00:11   5.3   0.1   0.0   3.2  18.0   17:11   SSE
20  13.9  17.7   11:56  10.6   03:54   4.4   0.0   0.0   3.3  23.0   14:56   SSW
21  13.8  16.5   11:07  11.8   05:56   4.5   0.0   0.0   4.3  21.0   11:39    NE
22  14.2  19.5   12:08   9.3   06:19   4.2   0.1   0.0   2.8  17.0   13:47   SSW
23  13.6  19.0   12:16  11.0   04:17   4.8   0.0   0.0   4.7  23.0   12:35     N
24  11.0  13.2   14:14   9.4   23:55   7.3   0.0   4.8  10.9  48.0   09:39     N
25   9.9  13.4   16:15   7.1   23:22   8.4   0.0   0.0   5.7  26.0   09:54   NNE
26  10.5  15.3   15:16   6.0   06:44   7.8   0.0   0.0   3.7  18.0   08:25   NNE
27  11.1  17.6   12:32   5.3   07:06   7.2   0.0   0.0   2.7  31.0   15:29   SSE
28  11.1  14.6   13:31   7.9   00:48   7.2   0.0   1.5   3.2  31.0   21:32     S
----------------------------------------------------------------------------------
    11.7  21.2    18     0.0    19   186.3   0.7  19.8   5.8  58.0     3     NNE

Max >=  27.0:  0
Max <=   0.0:  0
Min <=   0.0:  1
Min <= -18.0:  0
Max Rain: 11.1 on day 6
Days of Rain: 5 (>= 0.2 mm)  2 (>= 2.0 mm)  0 (>= 20.0 mm)
Heat Base: 18.3  Cool Base: 18.3  Method: Integration