2011 2012 2013

NOAA style reports

NOAA-style Climate Reports

Select a Year or Month report
V/Λ2017 > Jan Feb Mar Apr May Jun Jul Aug Sep Oct Nov Dec
V/Λ2016 > Jan Feb Mar Apr May Jun Jul Aug Sep Oct Nov Dec
V/Λ2015 > Jan Feb Mar Apr May Jun Jul Aug Sep Oct Nov Dec
V/Λ2014 > Jan Feb Mar Apr May Jun Jul Aug Sep Oct Nov Dec
V/Λ2013 > Jan Feb Mar Apr May Jun Jul Aug Sep Oct Nov Dec
V/Λ2012 > Jan Feb Mar Apr May Jun Jul Aug Sep Oct Nov Dec
V/Λ2011 > Jan Feb Mar Apr May Jun Jul Aug Sep Oct Nov Dec
V/Λ2010 > Jan Feb Mar Apr May Jun Jul Aug Sep Oct Nov Dec
V/Λ2009 > Jan Feb Mar Apr May Jun Jul Aug Sep Oct Nov Dec
V/Λ2008 > Jan Feb Mar Apr May Jun Jul Aug Sep Oct Nov Dec
V/Λ2007 > Jan Feb Mar Apr May Jun Jul Aug Sep Oct Nov Dec
V/Λ2006 > Jan Feb Mar Apr May Jun Jul Aug Sep Oct Nov Dec
V/Λ2005 > Jan Feb Mar Apr May Jun Jul Aug Sep Oct Nov Dec
V/Λ2004 > Jan Feb Mar Apr May Jun Jul Aug Sep Oct Nov Dec
V/Λ2003 > Jan Feb Mar Apr May Jun Jul Aug Sep Oct Nov Dec
V/Λ2002 > Jan Feb Mar Apr May Jun Jul Aug Sep Oct Nov Dec
V/Λ2001 > Jan Feb Mar Apr May Jun Jul Aug Sep Oct Nov Dec
V/Λ2000 > Jan Feb Mar Apr May Jun Jul Aug Sep Oct Nov Dec
V/Λ1999 > Jan Feb Mar Apr May Jun Jul Aug Sep Oct Nov Dec
V/Λ1998 > Jan Feb Mar Apr May Jun Jul Aug Sep Oct Nov Dec
V/Λ1997 > Jan Feb Mar Apr May Jun Jul Aug Sep Oct Nov Dec
V/Λ1996 > Jan Feb Mar Apr May Jun Jul Aug Sep Oct Nov Dec
V/Λ1995 > Jan Feb Mar Apr May Jun Jul Aug Sep Oct Nov Dec
V/Λ1994 > Jan Feb Mar Apr May Jun Jul Aug Sep Oct Nov Dec
V/Λ1993 > Jan Feb Mar Apr May Jun Jul Aug Sep Oct Nov Dec
V/Λ1992 > Jan Feb Mar Apr May Jun Jul Aug Sep Oct Nov Dec
V/Λ1991 > Jan Feb Mar Apr May Jun Jul Aug Sep Oct Nov Dec
V/Λ1990 > Jan Feb Mar Apr May Jun Jul Aug Sep Oct Nov Dec
V/Λ1989 > Jan Feb Mar Apr May Jun Jul Aug Sep Oct Nov Dec
V/Λ1988 > Jan Feb Mar Apr May Jun Jul Aug Sep Oct Nov Dec
V/Λ1987 > Jan Feb Mar Apr May Jun Jul Aug Sep Oct Nov Dec
V/Λ1986 > Jan Feb Mar Apr May Jun Jul Aug Sep Oct Nov Dec
V/Λ1985 > Jan Feb Mar Apr May Jun Jul Aug Sep Oct Nov Dec
V/Λ1984 > Jan Feb Mar Apr May Jun Jul Aug Sep Oct Nov Dec
V/Λ1983 > Jan Feb Mar Apr May Jun Jul Aug Sep Oct Nov Dec
V/Λ1982 > Jan Feb Mar Apr May Jun Jul Aug Sep Oct Nov Dec
V/Λ1981 > Jan Feb Mar Apr May Jun Jul Aug Sep Oct Nov Dec
V/Λ1980 > Jan Feb Mar Apr May Jun Jul Aug Sep Oct Nov Dec

Report for 2014 Jan
                   Monthly Climatological Summary for Jan 2014

Name: www.anoliosia.meteoclub .gr   City: Ano Liosia   State: Attiki
Elevation: 160 m  Lat: N 38 08' 03"   Lon: E 023 07' 58"

                  Temperature (C), Rain (mm), Wind Speed (km/h)

                                      Heat  Cool        Avg
    Mean                              Deg   Deg         Wind                 Dom
Day Temp  High   Time   Low    Time   Days  Days  Rain  Speed High   Time    Dir
----------------------------------------------------------------------------------
 1   7.8   9.6   15:05   5.7   01:19  10.5   0.0   6.0   2.1  18.0   15:14   NNW
 2   9.8  13.1   11:41   6.6   23:37   8.5   0.0   0.3   2.5  17.0   12:03   ENE
 3   6.1   7.8   22:40   5.3   02:33  12.4   0.0   0.0   2.1   7.0   21:09    NE
 4   6.6   7.2   00:00   6.5   02:01  11.7   0.0   0.0   1.0   5.0   00:23     N
 5   9.9  14.7   14:58   6.6   00:00  11.2   0.0   0.0   2.9  18.0   14:51   SSE
 6  12.5  14.5   13:08  10.0   16:26   5.9   0.0   0.9   3.8  16.0   13:49    NE
 7  12.8  15.5   12:27   9.1   23:54   5.5   0.0   0.0   9.7  38.0   13:58   NNE
 8  11.3  17.4   14:43   7.3   04:49   7.0   0.0   0.0   2.7  22.0   17:49   NNE
 9  11.4  18.6   13:41   5.5   07:31   6.9   0.0   0.0   2.1  13.0   18:03   ENE
10  11.2  16.5   14:33   6.4   02:14   7.1   0.0   0.0   3.7  31.0   13:45   SSW
11  12.0  17.9   14:06   7.0   04:56   6.3   0.0   0.0   3.0  17.0   08:55   ENE
12  12.8  16.6   14:48   8.1   08:06   5.5   0.0   0.0   2.9  22.0   13:43     S
13  11.2  14.5   00:13   8.8   01:07   7.2   0.0   0.0   5.5  34.0   11:56   NNE
14  12.7  17.5   14:10  10.5   06:54   5.6   0.0   0.0   6.2  23.0   08:30   NNE
15  13.1  17.4   16:12  10.7   09:12   5.3   0.0   5.4   6.9  33.0   23:48   NNE
16  12.5  16.7   15:25   9.2   23:59   5.8   0.0   1.2   2.0  13.0   00:17   SSW
17  11.4  16.7   13:29   6.2   07:58   6.9   0.0   0.0   3.0  24.0   13:59   SSW
18  11.2  15.4   12:06   6.9   05:41   7.1   0.0   0.3   3.3  27.0   13:33   SSW
19  13.7  17.4   14:57   9.5   08:01   4.6   0.0   0.0   5.4  32.0   17:31   SSE
20  15.0  18.0   15:49  13.0   04:43   3.3   0.0   0.0   5.7  32.0   12:37     S
21  14.6  18.9   13:28  10.3   23:38   3.7   0.0   0.0   7.7  43.0   16:05   SSW
22  12.1  16.3   15:20   8.5   04:54   6.2   0.0   0.0   6.7  34.0   13:49   SSW
23  12.3  17.6   14:33   8.3   01:29   6.0   0.0   0.0   5.3  30.0   05:46   SSW
24  11.3  15.1   15:10   7.4   08:03   7.2   0.0   2.7   2.8  34.0   23:24     E
25  12.2  14.9   13:47   9.9   04:30   6.1   0.0   8.7   7.0  51.0   00:07    SW
26   9.8  13.5   14:29   7.8   22:45   8.6   0.0  22.2   6.2  36.0   15:13   NNE
27   8.0  11.4   16:34   5.4   07:57  10.3   0.0   0.0   4.1  30.0   06:43     N
28   9.1  10.6   21:05   7.6   00:00   9.2   0.0  16.5   4.5  21.0   12:45     N
29  11.0  15.0   14:20   7.7   03:57   7.3   0.0   2.4   8.6  38.0   08:37    SW
30  10.1  15.4   13:50   4.0   07:17   8.2   0.0   0.0   4.1  17.0   18:01   NNE
31  10.0  11.8   12:36   7.5   23:43   8.3   0.0   0.0  14.1  46.0   15:31   NNE
----------------------------------------------------------------------------------
    11.1  18.9    21     4.0    30   225.4   0.0  66.6   4.8  51.0    25      NE

Max >=  27.0:  0
Max <=   0.0:  0
Min <=   0.0:  0
Min <= -18.0:  0
Max Rain: 22.2 on day 26
Days of Rain: 11 (>= 0.2 mm)  7 (>= 2.0 mm)  1 (>= 20.0 mm)
Heat Base: 18.3  Cool Base: 18.3  Method: Integration