NOAA style reports
NOAA-style Climate Reports
Select a Year or Month report
Report for 2013 Dec
Monthly Climatological Summary for Dec 2013
Name: www.anoliosia.meteoclub .gr City: Ano Liosia State: Attiki
Elevation: 160 m Lat: N 38° 08' 03" Lon: E 023° 07' 58"
Temperature (°C), Rain (mm), Wind Speed (km/h)
Heat Cool Avg
Mean Deg Deg Wind Dom
Day Temp High Time Low Time Days Days Rain Speed High Time Dir
----------------------------------------------------------------------------------
1 12.1 12.1 00:00 12.1 00:00 6.2 0.0 0.0 7.0 7.0 00:00 NE
2 12.1 12.1 00:00 12.1 00:00 6.2 0.0 0.0 7.0 7.0 00:00 NE
3 12.1 12.1 00:00 12.1 00:00 5.3 0.0 23.1 7.0 14.0 23:54 NE
4 0.0 0.0 00:00 0.0 00:00 0.0 0.0 0.0 9.1 31.0 05:23 WNW
5 7.2 15.6 15:27 1.8 06:17 11.2 0.0 0.0 1.4 11.0 12:35 E
6 7.8 15.1 14:35 1.4 07:09 10.5 0.0 0.0 2.3 22.0 14:42 SW
----------------------------------------------------------------------------------
8.6 15.6 5 0.0 4 39.4 0.0 23.1 5.2 31.0 4 NNE
Max >= 27.0: 0
Max <= 0.0: 1
Min <= 0.0: 1
Min <= -18.0: 0
Max Rain: 23.1 on day 3
Days of Rain: 1 (>= 0.2 mm) 1 (>= 2.0 mm) 1 (>= 20.0 mm)
Heat Base: 18.3 Cool Base: 18.3 Method: Integration
Select a Year or Month report
Report for 2013 Dec
Monthly Climatological Summary for Dec 2013 Name: www.anoliosia.meteoclub .gr City: Ano Liosia State: Attiki Elevation: 160 m Lat: N 38° 08' 03" Lon: E 023° 07' 58" Temperature (°C), Rain (mm), Wind Speed (km/h) Heat Cool Avg Mean Deg Deg Wind Dom Day Temp High Time Low Time Days Days Rain Speed High Time Dir ---------------------------------------------------------------------------------- 1 12.1 12.1 00:00 12.1 00:00 6.2 0.0 0.0 7.0 7.0 00:00 NE 2 12.1 12.1 00:00 12.1 00:00 6.2 0.0 0.0 7.0 7.0 00:00 NE 3 12.1 12.1 00:00 12.1 00:00 5.3 0.0 23.1 7.0 14.0 23:54 NE 4 0.0 0.0 00:00 0.0 00:00 0.0 0.0 0.0 9.1 31.0 05:23 WNW 5 7.2 15.6 15:27 1.8 06:17 11.2 0.0 0.0 1.4 11.0 12:35 E 6 7.8 15.1 14:35 1.4 07:09 10.5 0.0 0.0 2.3 22.0 14:42 SW ---------------------------------------------------------------------------------- 8.6 15.6 5 0.0 4 39.4 0.0 23.1 5.2 31.0 4 NNE Max >= 27.0: 0 Max <= 0.0: 1 Min <= 0.0: 1 Min <= -18.0: 0 Max Rain: 23.1 on day 3 Days of Rain: 1 (>= 0.2 mm) 1 (>= 2.0 mm) 1 (>= 20.0 mm) Heat Base: 18.3 Cool Base: 18.3 Method: Integration